Last updated on 2025-02-19 09:51:06 CET.
Flavor | Version | Tinstall | Tcheck | Ttotal | Status | Flags |
---|---|---|---|---|---|---|
r-devel-linux-x86_64-debian-clang | 0.8-5 | 17.10 | 66.74 | 83.84 | NOTE | |
r-devel-linux-x86_64-debian-gcc | 0.8-5 | 13.15 | 47.97 | 61.12 | NOTE | |
r-devel-linux-x86_64-fedora-clang | 0.8-5 | 143.40 | NOTE | |||
r-devel-linux-x86_64-fedora-gcc | 0.8-5 | 147.40 | NOTE | |||
r-devel-macos-arm64 | 0.8-5 | 46.00 | OK | |||
r-devel-macos-x86_64 | 0.8-5 | 105.00 | OK | |||
r-devel-windows-x86_64 | 0.8-5 | 15.00 | 113.00 | 128.00 | OK | |
r-patched-linux-x86_64 | 0.8-5 | 17.95 | 61.41 | 79.36 | OK | |
r-release-linux-x86_64 | 0.8-5 | 16.47 | 61.29 | 77.76 | OK | |
r-release-macos-arm64 | 0.8-5 | 57.00 | OK | |||
r-release-macos-x86_64 | 0.8-5 | 79.00 | OK | |||
r-release-windows-x86_64 | 0.8-5 | 18.00 | 111.00 | 129.00 | OK | |
r-oldrel-macos-arm64 | 0.8-5 | 68.00 | OK | |||
r-oldrel-macos-x86_64 | 0.8-5 | 164.00 | OK | |||
r-oldrel-windows-x86_64 | 0.8-5 | 20.00 | 122.00 | 142.00 | OK |
Version: 0.8-5
Check: top-level files
Result: NOTE
possible bashism in configure.ac line 48 (should be 'b = a'):
if test "${ac_cv_lib_expat_XML_ParserCreate}" == yes; then
Flavors: r-devel-linux-x86_64-debian-clang, r-devel-linux-x86_64-debian-gcc, r-devel-linux-x86_64-fedora-clang, r-devel-linux-x86_64-fedora-gcc
Version: 0.8-5
Check: for unstated dependencies in ‘demo’
Result: NOTE
'library' or 'require' call not declared from: ‘rvest’
Flavors: r-devel-linux-x86_64-debian-clang, r-devel-linux-x86_64-debian-gcc