Last updated on 2025-02-16 09:50:55 CET.
Flavor | Version | Tinstall | Tcheck | Ttotal | Status | Flags |
---|---|---|---|---|---|---|
r-devel-linux-x86_64-debian-clang | 0.13.2.1 | 4.24 | 19.33 | 23.57 | NOTE | |
r-devel-linux-x86_64-debian-gcc | 0.13.2.1 | 3.67 | 16.09 | 19.76 | NOTE | |
r-devel-linux-x86_64-fedora-clang | 0.13.2.1 | 38.78 | NOTE | |||
r-devel-linux-x86_64-fedora-gcc | 0.13.2.1 | 37.46 | NOTE | |||
r-devel-macos-arm64 | 0.13.2.1 | 20.00 | OK | |||
r-devel-macos-x86_64 | 0.13.2.1 | 33.00 | OK | |||
r-devel-windows-x86_64 | 0.13.2.1 | 6.00 | 50.00 | 56.00 | OK | |
r-patched-linux-x86_64 | 0.13.2.1 | 3.81 | 17.88 | 21.69 | OK | |
r-release-linux-x86_64 | 0.13.2.1 | 3.71 | 17.93 | 21.64 | OK | |
r-release-macos-arm64 | 0.13.2.1 | 20.00 | OK | |||
r-release-macos-x86_64 | 0.13.2.1 | 28.00 | OK | |||
r-release-windows-x86_64 | 0.13.2.1 | 5.00 | 41.00 | 46.00 | OK | |
r-oldrel-macos-arm64 | 0.13.2.1 | 20.00 | OK | |||
r-oldrel-macos-x86_64 | 0.13.2.1 | 29.00 | OK | |||
r-oldrel-windows-x86_64 | 0.13.2.1 | 6.00 | 42.00 | 48.00 | OK |
Version: 0.13.2.1
Check: top-level files
Result: NOTE
possible bashism in configure.ac line 34 (should be 'b = a'):
dnl if test "${ac_cv_lib_expat_XML_ParserCreate}" == yes; then
Flavors: r-devel-linux-x86_64-debian-clang, r-devel-linux-x86_64-debian-gcc, r-devel-linux-x86_64-fedora-clang, r-devel-linux-x86_64-fedora-gcc