Last updated on 2025-02-19 09:51:06 CET.
Flavor | Version | Tinstall | Tcheck | Ttotal | Status | Flags |
---|---|---|---|---|---|---|
r-devel-linux-x86_64-debian-clang | 1.2.7 | 547.46 | 239.58 | 787.04 | OK | |
r-devel-linux-x86_64-debian-gcc | 1.2.7 | 496.18 | 212.06 | 708.24 | OK | |
r-devel-linux-x86_64-fedora-clang | 1.2.7 | 1316.31 | OK | |||
r-devel-linux-x86_64-fedora-gcc | 1.2.7 | 1578.88 | OK | |||
r-devel-macos-arm64 | 1.2.7 | 313.00 | OK | |||
r-devel-macos-x86_64 | 1.2.7 | 463.00 | OK | |||
r-devel-windows-x86_64 | 1.2.7 | 492.00 | 293.00 | 785.00 | OK | |
r-patched-linux-x86_64 | 1.2.7 | 629.10 | 276.62 | 905.72 | NOTE | |
r-release-linux-x86_64 | 1.2.7 | 635.39 | 275.03 | 910.42 | NOTE | |
r-release-macos-arm64 | 1.2.7 | 182.00 | NOTE | |||
r-release-macos-x86_64 | 1.2.7 | 219.00 | NOTE | |||
r-release-windows-x86_64 | 1.2.7 | 496.00 | 291.00 | 787.00 | NOTE | |
r-oldrel-macos-arm64 | 1.2.7 | 292.00 | NOTE | |||
r-oldrel-macos-x86_64 | 1.2.7 | 313.00 | NOTE | |||
r-oldrel-windows-x86_64 | 1.2.7 | 701.00 | 345.00 | 1046.00 | NOTE |
Version: 1.2.7
Check: for GNU extensions in Makefiles
Result: NOTE
GNU make is a SystemRequirements.
Flavors: r-patched-linux-x86_64, r-release-linux-x86_64, r-release-macos-arm64, r-release-macos-x86_64, r-release-windows-x86_64, r-oldrel-macos-arm64, r-oldrel-macos-x86_64, r-oldrel-windows-x86_64
Version: 1.2.7
Check: installed package size
Result: NOTE
installed size is 128.7Mb
sub-directories of 1Mb or more:
R 2.0Mb
libs 125.4Mb
Flavors: r-release-macos-arm64, r-release-macos-x86_64, r-release-windows-x86_64, r-oldrel-macos-arm64, r-oldrel-macos-x86_64, r-oldrel-windows-x86_64