Last updated on 2025-02-16 09:50:55 CET.
Flavor | Version | Tinstall | Tcheck | Ttotal | Status | Flags |
---|---|---|---|---|---|---|
r-devel-linux-x86_64-debian-clang | 1.1.9 | 7.07 | 36.89 | 43.96 | NOTE | |
r-devel-linux-x86_64-debian-gcc | 1.1.9 | 5.26 | 27.53 | 32.79 | NOTE | |
r-devel-linux-x86_64-fedora-clang | 1.1.9 | 73.67 | OK | |||
r-devel-linux-x86_64-fedora-gcc | 1.1.9 | 68.04 | OK | |||
r-devel-macos-arm64 | 1.1.9 | 24.00 | OK | |||
r-devel-macos-x86_64 | 1.1.9 | 39.00 | OK | |||
r-devel-windows-x86_64 | 1.1.9 | 8.00 | 66.00 | 74.00 | NOTE | |
r-patched-linux-x86_64 | 1.1.9 | 10.76 | 34.51 | 45.27 | NOTE | |
r-release-linux-x86_64 | 1.1.9 | 6.36 | 34.72 | 41.08 | NOTE | |
r-release-macos-arm64 | 1.1.9 | 23.00 | NOTE | |||
r-release-macos-x86_64 | 1.1.9 | 35.00 | NOTE | |||
r-release-windows-x86_64 | 1.1.9 | 10.00 | 64.00 | 74.00 | NOTE | |
r-oldrel-macos-arm64 | 1.1.9 | 29.00 | NOTE | |||
r-oldrel-macos-x86_64 | 1.1.9 | 36.00 | NOTE | |||
r-oldrel-windows-x86_64 | 1.1.9 | 10.00 | 68.00 | 78.00 | NOTE |
Version: 1.1.9
Check: Rd cross-references
Result: NOTE
Found the following Rd file(s) with Rd \link{} targets missing package
anchors:
getUser.Rd: GET
search.Rd: GET
search_twitter_and_store.Rd: GET
setup_twitter_oauth.Rd: Token, GET, POST
showStatus.Rd: GET, POST
timelines.Rd: GET
updateStatus.Rd: GET
use_oauth_token.Rd: Token
Please provide package anchors for all Rd \link{} targets not in the
package itself and the base packages.
Flavors: r-devel-linux-x86_64-debian-clang, r-devel-linux-x86_64-debian-gcc, r-devel-windows-x86_64
Version: 1.1.9
Check: Rd contents
Result: NOTE
Auto-generated content requiring editing in Rd file 'retweets.Rd':
\keyword: ‘~kwd1’
\keyword: ‘~kwd2’
Flavors: r-devel-linux-x86_64-debian-clang, r-devel-linux-x86_64-debian-gcc, r-patched-linux-x86_64, r-release-linux-x86_64
Version: 1.1.9
Check: LazyData
Result: NOTE
'LazyData' is specified without a 'data' directory
Flavors: r-patched-linux-x86_64, r-release-linux-x86_64, r-release-macos-arm64, r-release-macos-x86_64, r-release-windows-x86_64, r-oldrel-macos-arm64, r-oldrel-macos-x86_64, r-oldrel-windows-x86_64