Last updated on 2025-02-16 09:50:55 CET.
Flavor | Version | Tinstall | Tcheck | Ttotal | Status | Flags |
---|---|---|---|---|---|---|
r-devel-linux-x86_64-debian-clang | 2.3.5 | 9.42 | 32.25 | 41.67 | NOTE | |
r-devel-linux-x86_64-debian-gcc | 2.3.5 | 5.99 | 23.47 | 29.46 | NOTE | |
r-devel-linux-x86_64-fedora-clang | 2.3.5 | 68.29 | NOTE | |||
r-devel-linux-x86_64-fedora-gcc | 2.3.5 | 64.92 | NOTE | |||
r-devel-macos-arm64 | 2.3.5 | 22.00 | NOTE | |||
r-devel-macos-x86_64 | 2.3.5 | 41.00 | NOTE | |||
r-devel-windows-x86_64 | 2.3.5 | 11.00 | 55.00 | 66.00 | NOTE | |
r-patched-linux-x86_64 | 2.3.5 | 7.75 | 30.47 | 38.22 | NOTE | |
r-release-linux-x86_64 | 2.3.5 | 7.52 | 30.61 | 38.13 | NOTE | |
r-release-macos-arm64 | 2.3.5 | 26.00 | NOTE | |||
r-release-macos-x86_64 | 2.3.5 | 32.00 | NOTE | |||
r-release-windows-x86_64 | 2.3.5 | 11.00 | 58.00 | 69.00 | NOTE | |
r-oldrel-macos-arm64 | 2.3.5 | 23.00 | OK | |||
r-oldrel-macos-x86_64 | 2.3.5 | 35.00 | OK | |||
r-oldrel-windows-x86_64 | 2.3.5 | 14.00 | 76.00 | 90.00 | OK |
Version: 2.3.5
Check: Rd files
Result: NOTE
checkRd: (-1) tweedie-internal.Rd:74: Lost braces
74 | doi{10.1093/biomet/74.2.221}
| ^
Flavors: r-devel-linux-x86_64-debian-clang, r-devel-linux-x86_64-debian-gcc, r-devel-linux-x86_64-fedora-clang, r-devel-linux-x86_64-fedora-gcc, r-devel-macos-arm64, r-devel-macos-x86_64, r-devel-windows-x86_64, r-patched-linux-x86_64, r-release-linux-x86_64, r-release-macos-arm64, r-release-macos-x86_64, r-release-windows-x86_64