Last updated on 2025-02-19 09:51:06 CET.
Flavor | Version | Tinstall | Tcheck | Ttotal | Status | Flags |
---|---|---|---|---|---|---|
r-devel-linux-x86_64-debian-clang | 1.2 | 8.83 | 126.47 | 135.30 | NOTE | |
r-devel-linux-x86_64-debian-gcc | 1.2 | 7.39 | 92.86 | 100.25 | NOTE | |
r-devel-linux-x86_64-fedora-clang | 1.2 | 217.24 | OK | |||
r-devel-linux-x86_64-fedora-gcc | 1.2 | 212.31 | OK | |||
r-devel-macos-arm64 | 1.2 | 67.00 | OK | |||
r-devel-macos-x86_64 | 1.2 | 136.00 | OK | |||
r-devel-windows-x86_64 | 1.2 | 10.00 | 142.00 | 152.00 | NOTE | |
r-patched-linux-x86_64 | 1.2 | 12.42 | 112.11 | 124.53 | OK | |
r-release-linux-x86_64 | 1.2 | 8.90 | 112.10 | 121.00 | OK | |
r-release-macos-arm64 | 1.2 | 61.00 | OK | |||
r-release-macos-x86_64 | 1.2 | 97.00 | OK | |||
r-release-windows-x86_64 | 1.2 | 11.00 | 143.00 | 154.00 | OK | |
r-oldrel-macos-arm64 | 1.2 | 73.00 | OK | |||
r-oldrel-macos-x86_64 | 1.2 | 106.00 | OK | |||
r-oldrel-windows-x86_64 | 1.2 | 13.00 | 165.00 | 178.00 | OK |
Version: 1.2
Check: Rd cross-references
Result: NOTE
Found the following Rd file(s) with Rd \link{} targets missing package
anchors:
dx.wts.mediation.Rd: ps
wgtmed.Rd: gbm, ps, twang
Please provide package anchors for all Rd \link{} targets not in the
package itself and the base packages.
Flavors: r-devel-linux-x86_64-debian-clang, r-devel-linux-x86_64-debian-gcc, r-devel-windows-x86_64