Last updated on 2025-07-05 09:49:39 CEST.
Flavor | Version | Tinstall | Tcheck | Ttotal | Status | Flags |
---|---|---|---|---|---|---|
r-devel-linux-x86_64-debian-clang | 1.0.0 | 7.56 | 73.47 | 81.03 | OK | |
r-devel-linux-x86_64-debian-gcc | 1.0.0 | 5.12 | 56.50 | 61.62 | OK | |
r-devel-linux-x86_64-fedora-clang | 1.0.0 | 139.58 | NOTE | |||
r-devel-linux-x86_64-fedora-gcc | 1.0.0 | 141.47 | NOTE | |||
r-devel-windows-x86_64 | 1.0.0 | 8.00 | 84.00 | 92.00 | OK | |
r-patched-linux-x86_64 | 1.0.0 | 7.91 | 71.77 | 79.68 | OK | |
r-release-linux-x86_64 | 1.0.0 | 6.80 | 71.48 | 78.28 | OK | |
r-release-macos-arm64 | 1.0.0 | 56.00 | OK | |||
r-release-macos-x86_64 | 1.0.0 | 86.00 | OK | |||
r-release-windows-x86_64 | 1.0.0 | 8.00 | 81.00 | 89.00 | OK | |
r-oldrel-macos-arm64 | 1.0.0 | 43.00 | OK | |||
r-oldrel-macos-x86_64 | 1.0.0 | 65.00 | OK | |||
r-oldrel-windows-x86_64 | 1.0.0 | 11.00 | 99.00 | 110.00 | OK |
Version: 1.0.0
Check: dependencies in R code
Result: NOTE
Namespace in Imports field not imported from: ‘Rcpp’
All declared Imports should be used.
Flavors: r-devel-linux-x86_64-fedora-clang, r-devel-linux-x86_64-fedora-gcc