Last updated on 2025-02-16 09:50:55 CET.
Flavor | Version | Tinstall | Tcheck | Ttotal | Status | Flags |
---|---|---|---|---|---|---|
r-devel-linux-x86_64-debian-clang | 0.1.0 | 9.96 | 67.03 | 76.99 | OK | |
r-devel-linux-x86_64-debian-gcc | 0.1.0 | 7.05 | 47.80 | 54.85 | OK | |
r-devel-linux-x86_64-fedora-clang | 0.1.0 | 120.37 | NOTE | |||
r-devel-linux-x86_64-fedora-gcc | 0.1.0 | 111.22 | NOTE | |||
r-devel-macos-arm64 | 0.1.0 | 41.00 | OK | |||
r-devel-macos-x86_64 | 0.1.0 | 62.00 | OK | |||
r-devel-windows-x86_64 | 0.1.0 | 11.00 | 78.00 | 89.00 | OK | |
r-patched-linux-x86_64 | 0.1.0 | 9.11 | 60.69 | 69.80 | OK | |
r-release-linux-x86_64 | 0.1.0 | 9.70 | 60.53 | 70.23 | OK | |
r-release-macos-arm64 | 0.1.0 | 36.00 | OK | |||
r-release-macos-x86_64 | 0.1.0 | 71.00 | OK | |||
r-release-windows-x86_64 | 0.1.0 | 11.00 | 78.00 | 89.00 | OK | |
r-oldrel-macos-arm64 | 0.1.0 | 38.00 | OK | |||
r-oldrel-macos-x86_64 | 0.1.0 | 58.00 | OK | |||
r-oldrel-windows-x86_64 | 0.1.0 | 16.00 | 104.00 | 120.00 | OK |
Version: 0.1.0
Check: dependencies in R code
Result: NOTE
Namespaces in Imports field not imported from:
‘R6’ ‘crosstalk’
All declared Imports should be used.
Flavors: r-devel-linux-x86_64-fedora-clang, r-devel-linux-x86_64-fedora-gcc