Last updated on 2025-10-27 08:50:10 CET.
| Flavor | Version | Tinstall | Tcheck | Ttotal | Status | Flags |
|---|---|---|---|---|---|---|
| r-devel-linux-x86_64-debian-clang | 2.1.1 | 5.97 | 74.01 | 79.98 | NOTE | |
| r-devel-linux-x86_64-debian-gcc | 2.1.1 | 4.33 | 52.02 | 56.35 | NOTE | |
| r-devel-linux-x86_64-fedora-clang | 2.1.1 | 17.00 | 102.54 | 119.54 | NOTE | |
| r-devel-linux-x86_64-fedora-gcc | 2.1.1 | 16.00 | 118.42 | 134.42 | NOTE | |
| r-devel-windows-x86_64 | 2.1.1 | 8.00 | 78.00 | 86.00 | NOTE | |
| r-patched-linux-x86_64 | 2.1.1 | 5.57 | 66.37 | 71.94 | NOTE | |
| r-release-linux-x86_64 | 2.1.1 | 6.41 | 65.06 | 71.47 | NOTE | |
| r-release-macos-arm64 | 2.1.1 | 3.00 | 39.00 | 42.00 | NOTE | |
| r-release-macos-x86_64 | 2.1.1 | 5.00 | 61.00 | 66.00 | NOTE | |
| r-release-windows-x86_64 | 2.1.1 | 8.00 | 79.00 | 87.00 | NOTE | |
| r-oldrel-macos-arm64 | 2.1.1 | 3.00 | 33.00 | 36.00 | OK | |
| r-oldrel-macos-x86_64 | 2.1.1 | 4.00 | 48.00 | 52.00 | OK | |
| r-oldrel-windows-x86_64 | 2.1.1 | 11.00 | 96.00 | 107.00 | OK |
Version: 2.1.1
Check: DESCRIPTION meta-information
Result: NOTE
Missing dependency on R >= 4.1.0 because package code uses the pipe
|> or function shorthand \(...) syntax added in R 4.1.0.
File(s) using such syntax:
‘calc_distance.R’ ‘reason_dataleaks.R’ ‘viz_dataleaks.R’
Flavors: r-devel-linux-x86_64-debian-clang, r-devel-linux-x86_64-debian-gcc, r-devel-linux-x86_64-fedora-clang, r-devel-linux-x86_64-fedora-gcc, r-devel-windows-x86_64, r-patched-linux-x86_64, r-release-linux-x86_64, r-release-macos-arm64, r-release-macos-x86_64, r-release-windows-x86_64