Last updated on 2025-02-16 09:50:55 CET.
Flavor | Version | Tinstall | Tcheck | Ttotal | Status | Flags |
---|---|---|---|---|---|---|
r-devel-linux-x86_64-debian-clang | 1.0.0 | 34.46 | 130.89 | 165.35 | NOTE | |
r-devel-linux-x86_64-debian-gcc | 1.0.0 | 25.66 | 86.12 | 111.78 | NOTE | |
r-devel-linux-x86_64-fedora-clang | 1.0.0 | 266.83 | NOTE | |||
r-devel-linux-x86_64-fedora-gcc | 1.0.0 | 249.19 | NOTE | |||
r-devel-macos-arm64 | 1.0.0 | 67.00 | NOTE | |||
r-devel-macos-x86_64 | 1.0.0 | 133.00 | NOTE | |||
r-devel-windows-x86_64 | 1.0.0 | 36.00 | 152.00 | 188.00 | NOTE | |
r-patched-linux-x86_64 | 1.0.0 | 36.28 | 117.44 | 153.72 | NOTE | |
r-release-linux-x86_64 | 1.0.0 | 28.90 | 117.31 | 146.21 | NOTE | |
r-release-macos-arm64 | 1.0.0 | 65.00 | NOTE | |||
r-release-macos-x86_64 | 1.0.0 | 102.00 | NOTE | |||
r-release-windows-x86_64 | 1.0.0 | 36.00 | 151.00 | 187.00 | NOTE | |
r-oldrel-macos-arm64 | 1.0.0 | 79.00 | OK | |||
r-oldrel-macos-x86_64 | 1.0.0 | 127.00 | OK | |||
r-oldrel-windows-x86_64 | 1.0.0 | 48.00 | 182.00 | 230.00 | OK |
Version: 1.0.0
Check: Rd files
Result: NOTE
checkRd: (-1) tsBSS-package.Rd:23: Lost braces in \itemize; meant \describe ?
checkRd: (-1) tsBSS-package.Rd:24: Lost braces in \itemize; meant \describe ?
checkRd: (-1) tsBSS-package.Rd:25: Lost braces in \itemize; meant \describe ?
checkRd: (-1) tsBSS-package.Rd:26: Lost braces in \itemize; meant \describe ?
checkRd: (-1) tsBSS-package.Rd:27: Lost braces in \itemize; meant \describe ?
checkRd: (-1) tsBSS-package.Rd:28: Lost braces in \itemize; meant \describe ?
checkRd: (-1) tsBSS-package.Rd:34: Lost braces in \itemize; meant \describe ?
Flavors: r-devel-linux-x86_64-debian-clang, r-devel-linux-x86_64-debian-gcc, r-devel-linux-x86_64-fedora-clang, r-devel-linux-x86_64-fedora-gcc, r-devel-macos-arm64, r-devel-macos-x86_64, r-devel-windows-x86_64, r-patched-linux-x86_64, r-release-linux-x86_64, r-release-macos-arm64, r-release-macos-x86_64, r-release-windows-x86_64