Last updated on 2025-10-07 09:50:04 CEST.
Flavor | Version | Tinstall | Tcheck | Ttotal | Status | Flags |
---|---|---|---|---|---|---|
r-devel-linux-x86_64-debian-clang | 0.1.9 | 377.57 | 136.06 | 513.63 | OK | |
r-devel-linux-x86_64-debian-gcc | 0.2.0 | 236.30 | 102.43 | 338.73 | OK | |
r-devel-linux-x86_64-fedora-clang | 0.2.0 | 616.86 | OK | |||
r-devel-linux-x86_64-fedora-gcc | 0.2.0 | 865.25 | OK | |||
r-devel-windows-x86_64 | 0.2.0 | 209.00 | 185.00 | 394.00 | OK | |
r-patched-linux-x86_64 | 0.1.9 | 301.26 | 131.46 | 432.72 | OK | |
r-release-linux-x86_64 | 0.1.9 | 293.42 | 128.83 | 422.25 | OK | |
r-release-macos-arm64 | 0.1.9 | 159.00 | OK | |||
r-release-macos-x86_64 | 0.2.0 | 246.00 | OK | |||
r-release-windows-x86_64 | 0.1.9 | 226.00 | 191.00 | 417.00 | OK | |
r-oldrel-macos-arm64 | 0.1.9 | 183.00 | NOTE | |||
r-oldrel-macos-x86_64 | 0.2.0 | 258.00 | NOTE | |||
r-oldrel-windows-x86_64 | 0.1.9 | 221.00 | 249.00 | 470.00 | OK |
Version: 0.1.9
Check: installed package size
Result: NOTE
installed size is 37.1Mb
sub-directories of 1Mb or more:
libs 36.3Mb
Flavor: r-oldrel-macos-arm64
Version: 0.2.0
Check: installed package size
Result: NOTE
installed size is 28.5Mb
sub-directories of 1Mb or more:
libs 27.6Mb
Flavor: r-oldrel-macos-x86_64