CRAN Package Check Results for Package tripsAndDipR

Last updated on 2025-02-19 09:51:06 CET.

Flavor Version Tinstall Tcheck Ttotal Status Flags
r-devel-linux-x86_64-debian-clang 0.1.0 1.71 16.26 17.97 OK
r-devel-linux-x86_64-debian-gcc 0.1.0 1.26 13.05 14.31 OK
r-devel-linux-x86_64-fedora-clang 0.1.0 30.99 OK
r-devel-linux-x86_64-fedora-gcc 0.1.0 27.62 OK
r-devel-macos-arm64 0.1.0 14.00 OK
r-devel-macos-x86_64 0.1.0 23.00 OK
r-devel-windows-x86_64 0.1.0 2.00 44.00 46.00 OK
r-patched-linux-x86_64 0.1.0 1.65 15.48 17.13 NOTE
r-release-linux-x86_64 0.1.0 1.60 15.73 17.33 NOTE
r-release-macos-arm64 0.1.0 12.00 NOTE
r-release-macos-x86_64 0.1.0 20.00 NOTE
r-release-windows-x86_64 0.1.0 2.00 38.00 40.00 NOTE
r-oldrel-macos-arm64 0.1.0 16.00 NOTE
r-oldrel-macos-x86_64 0.1.0 19.00 NOTE
r-oldrel-windows-x86_64 0.1.0 5.00 39.00 44.00 NOTE

Check Details

Version: 0.1.0
Check: LazyData
Result: NOTE 'LazyData' is specified without a 'data' directory Flavors: r-patched-linux-x86_64, r-release-linux-x86_64, r-release-macos-arm64, r-release-macos-x86_64, r-release-windows-x86_64, r-oldrel-macos-arm64, r-oldrel-macos-x86_64, r-oldrel-windows-x86_64