Last updated on 2025-02-16 09:50:55 CET.
Flavor | Version | Tinstall | Tcheck | Ttotal | Status | Flags |
---|---|---|---|---|---|---|
r-devel-linux-x86_64-debian-clang | 1.3.0 | 9.71 | 102.05 | 111.76 | OK | |
r-devel-linux-x86_64-debian-gcc | 1.3.0 | 7.19 | 73.80 | 80.99 | OK | |
r-devel-linux-x86_64-fedora-clang | 1.3.0 | 173.13 | OK | |||
r-devel-linux-x86_64-fedora-gcc | 1.3.0 | 167.83 | OK | |||
r-devel-macos-arm64 | 1.3.0 | 57.00 | OK | |||
r-devel-macos-x86_64 | 1.3.0 | 103.00 | OK | |||
r-devel-windows-x86_64 | 1.3.0 | 10.00 | 106.00 | 116.00 | OK | |
r-patched-linux-x86_64 | 1.3.0 | 8.89 | 91.73 | 100.62 | NOTE | |
r-release-linux-x86_64 | 1.3.0 | 9.37 | 93.29 | 102.66 | NOTE | |
r-release-macos-arm64 | 1.3.0 | 53.00 | NOTE | |||
r-release-macos-x86_64 | 1.3.0 | 78.00 | NOTE | |||
r-release-windows-x86_64 | 1.3.0 | 11.00 | 103.00 | 114.00 | NOTE | |
r-oldrel-macos-arm64 | 1.3.0 | 52.00 | NOTE | |||
r-oldrel-macos-x86_64 | 1.3.0 | 88.00 | NOTE | |||
r-oldrel-windows-x86_64 | 1.3.0 | 14.00 | 148.00 | 162.00 | NOTE |
Version: 1.3.0
Check: LazyData
Result: NOTE
'LazyData' is specified without a 'data' directory
Flavors: r-patched-linux-x86_64, r-release-linux-x86_64, r-release-macos-arm64, r-release-macos-x86_64, r-release-windows-x86_64, r-oldrel-macos-arm64, r-oldrel-macos-x86_64, r-oldrel-windows-x86_64