Last updated on 2025-02-16 09:50:55 CET.
Flavor | Version | Tinstall | Tcheck | Ttotal | Status | Flags |
---|---|---|---|---|---|---|
r-devel-linux-x86_64-debian-clang | 0.1.2 | 3.64 | 19.83 | 23.47 | NOTE | |
r-devel-linux-x86_64-debian-gcc | 0.1.2 | 2.43 | 15.94 | 18.37 | NOTE | |
r-devel-linux-x86_64-fedora-clang | 0.1.2 | 40.07 | NOTE | |||
r-devel-linux-x86_64-fedora-gcc | 0.1.2 | 36.65 | NOTE | |||
r-devel-macos-arm64 | 0.1.2 | 19.00 | OK | |||
r-devel-macos-x86_64 | 0.1.2 | 33.00 | NOTE | |||
r-devel-windows-x86_64 | 0.1.2 | 7.00 | 45.00 | 52.00 | NOTE | |
r-patched-linux-x86_64 | 0.1.2 | 3.26 | 18.89 | 22.15 | OK | |
r-release-linux-x86_64 | 0.1.2 | 3.07 | 18.79 | 21.86 | OK | |
r-release-macos-arm64 | 0.1.2 | 19.00 | OK | |||
r-release-macos-x86_64 | 0.1.2 | 23.00 | OK | |||
r-release-windows-x86_64 | 0.1.2 | 7.00 | 50.00 | 57.00 | OK | |
r-oldrel-macos-arm64 | 0.1.2 | 15.00 | OK | |||
r-oldrel-macos-x86_64 | 0.1.2 | 29.00 | OK | |||
r-oldrel-windows-x86_64 | 0.1.2 | 7.00 | 67.00 | 74.00 | OK |
Version: 0.1.2
Check: DESCRIPTION meta-information
Result: NOTE
Missing dependency on R >= 4.1.0 because package code uses the pipe
|> or function shorthand \(...) syntax added in R 4.1.0.
File(s) using such syntax:
‘tree_mesh.R’ ‘zzz.R’
Flavors: r-devel-linux-x86_64-debian-clang, r-devel-linux-x86_64-debian-gcc, r-devel-linux-x86_64-fedora-clang, r-devel-linux-x86_64-fedora-gcc, r-devel-macos-x86_64, r-devel-windows-x86_64