Last updated on 2025-04-16 09:53:14 CEST.
Flavor | Version | Tinstall | Tcheck | Ttotal | Status | Flags |
---|---|---|---|---|---|---|
r-devel-linux-x86_64-debian-clang | 0.15-4 | 65.57 | 64.12 | 129.69 | OK | |
r-devel-linux-x86_64-debian-gcc | 0.15-4 | 47.58 | 45.87 | 93.45 | OK | |
r-devel-linux-x86_64-fedora-clang | 0.15-4 | 260.03 | OK | |||
r-devel-linux-x86_64-fedora-gcc | 0.15-4 | 242.72 | OK | |||
r-devel-windows-x86_64 | 0.15-4 | 86.00 | 110.00 | 196.00 | OK | |
r-patched-linux-x86_64 | 0.15-4 | 67.63 | 62.94 | 130.57 | OK | |
r-release-linux-x86_64 | 0.15-4 | 63.88 | 62.88 | 126.76 | OK | |
r-release-macos-arm64 | 0.15-4 | 60.00 | OK | |||
r-release-macos-x86_64 | 0.15-4 | 84.00 | OK | |||
r-release-windows-x86_64 | 0.15-4 | 86.00 | 114.00 | 200.00 | OK | |
r-oldrel-macos-arm64 | 0.15-4 | 59.00 | NOTE | |||
r-oldrel-macos-x86_64 | 0.15-4 | 114.00 | NOTE | |||
r-oldrel-windows-x86_64 | 0.15-4 | 97.00 | 131.00 | 228.00 | OK |
Version: 0.15-4
Check: installed package size
Result: NOTE
installed size is 8.8Mb
sub-directories of 1Mb or more:
libs 8.2Mb
Flavors: r-oldrel-macos-arm64, r-oldrel-macos-x86_64