CRAN Package Check Results for Package transformmos

Last updated on 2025-02-16 09:50:55 CET.

Flavor Version Tinstall Tcheck Ttotal Status Flags
r-devel-linux-x86_64-debian-clang 0.1.0 1.66 15.90 17.56 OK
r-devel-linux-x86_64-debian-gcc 0.1.0 1.37 12.99 14.36 OK
r-devel-linux-x86_64-fedora-clang 0.1.0 28.67 OK
r-devel-linux-x86_64-fedora-gcc 0.1.0 27.00 OK
r-devel-macos-arm64 0.1.0 15.00 OK
r-devel-macos-x86_64 0.1.0 22.00 OK
r-devel-windows-x86_64 0.1.0 3.00 38.00 41.00 OK
r-patched-linux-x86_64 0.1.0 1.54 15.09 16.63 NOTE
r-release-linux-x86_64 0.1.0 1.46 15.25 16.71 NOTE
r-release-macos-arm64 0.1.0 74.00 NOTE
r-release-macos-x86_64 0.1.0 19.00 NOTE
r-release-windows-x86_64 0.1.0 3.00 37.00 40.00 NOTE
r-oldrel-macos-arm64 0.1.0 15.00 NOTE
r-oldrel-macos-x86_64 0.1.0 17.00 NOTE
r-oldrel-windows-x86_64 0.1.0 4.00 37.00 41.00 NOTE

Check Details

Version: 0.1.0
Check: LazyData
Result: NOTE 'LazyData' is specified without a 'data' directory Flavors: r-patched-linux-x86_64, r-release-linux-x86_64, r-release-macos-arm64, r-release-macos-x86_64, r-release-windows-x86_64, r-oldrel-macos-arm64, r-oldrel-macos-x86_64, r-oldrel-windows-x86_64