CRAN Package Check Results for Package tramnet

Last updated on 2025-10-07 09:50:03 CEST.

Flavor Version Tinstall Tcheck Ttotal Status Flags
r-devel-linux-x86_64-debian-clang 0.0-8 18.89 326.64 345.53 NOTE
r-devel-linux-x86_64-debian-gcc 0.0-8 12.88 206.41 219.29 NOTE
r-devel-linux-x86_64-fedora-clang 0.0-8 527.00 OK
r-devel-linux-x86_64-fedora-gcc 0.0-8 530.78 OK
r-devel-windows-x86_64 0.0-8 21.00 314.00 335.00 OK
r-patched-linux-x86_64 0.0-8 16.91 310.88 327.79 OK
r-release-linux-x86_64 0.0-8 15.85 313.82 329.67 OK
r-release-macos-arm64 0.0-8 143.00 OK
r-release-macos-x86_64 0.0-8 285.00 OK
r-release-windows-x86_64 0.0-8 19.00 313.00 332.00 OK
r-oldrel-macos-arm64 0.0-8 156.00 OK
r-oldrel-macos-x86_64 0.0-8 223.00 OK
r-oldrel-windows-x86_64 0.0-8 26.00 418.00 444.00 OK

Check Details

Version: 0.0-8
Check: CRAN incoming feasibility
Result: NOTE Maintainer: ‘Lucas Kook <lucasheinrich.kook@gmail.com>’ The Description field contains <doi:10.1111/sjos.12291> and Bischl et al. (2016) <arxiv:1703.03373>, Please refer to arXiv e-prints via their arXiv DOI <doi:10.48550/arXiv.YYMM.NNNNN>. Flavors: r-devel-linux-x86_64-debian-clang, r-devel-linux-x86_64-debian-gcc