Last updated on 2025-02-16 09:50:55 CET.
Flavor | Version | Tinstall | Tcheck | Ttotal | Status | Flags |
---|---|---|---|---|---|---|
r-devel-linux-x86_64-debian-clang | 0.1.5 | 13.80 | 35.04 | 48.84 | NOTE | |
r-devel-linux-x86_64-debian-gcc | 0.1.5 | 9.69 | 26.62 | 36.31 | NOTE | |
r-devel-linux-x86_64-fedora-clang | 0.1.5 | 88.22 | NOTE | |||
r-devel-linux-x86_64-fedora-gcc | 0.1.5 | 83.30 | NOTE | |||
r-devel-macos-arm64 | 0.1.5 | 28.00 | NOTE | |||
r-devel-macos-x86_64 | 0.1.5 | 56.00 | NOTE | |||
r-devel-windows-x86_64 | 0.1.5 | 15.00 | 78.00 | 93.00 | NOTE | |
r-patched-linux-x86_64 | 0.1.5 | 13.57 | 33.17 | 46.74 | NOTE | |
r-release-linux-x86_64 | 0.1.5 | 13.63 | 33.79 | 47.42 | NOTE | |
r-release-macos-arm64 | 0.1.5 | 33.00 | NOTE | |||
r-release-macos-x86_64 | 0.1.5 | 44.00 | NOTE | |||
r-release-windows-x86_64 | 0.1.5 | 16.00 | 80.00 | 96.00 | NOTE | |
r-oldrel-macos-arm64 | 0.1.5 | 35.00 | NOTE | |||
r-oldrel-macos-x86_64 | 0.1.5 | 50.00 | NOTE | |||
r-oldrel-windows-x86_64 | 0.1.5 | 19.00 | 92.00 | 111.00 | NOTE |
Version: 0.1.5
Check: C++ specification
Result: NOTE
Specified C++11: please drop specification unless essential
Flavors: r-devel-linux-x86_64-debian-clang, r-devel-linux-x86_64-debian-gcc, r-devel-linux-x86_64-fedora-clang, r-devel-linux-x86_64-fedora-gcc, r-devel-macos-arm64, r-devel-macos-x86_64, r-devel-windows-x86_64, r-patched-linux-x86_64, r-release-linux-x86_64, r-release-macos-arm64, r-release-macos-x86_64, r-release-windows-x86_64, r-oldrel-macos-arm64, r-oldrel-macos-x86_64, r-oldrel-windows-x86_64