Last updated on 2025-02-16 09:50:55 CET.
Flavor | Version | Tinstall | Tcheck | Ttotal | Status | Flags |
---|---|---|---|---|---|---|
r-devel-linux-x86_64-debian-clang | 1.1.2 | 132.75 | 33.99 | 166.74 | NOTE | |
r-devel-linux-x86_64-debian-gcc | 1.1.2 | 89.05 | 29.30 | 118.35 | NOTE | |
r-devel-linux-x86_64-fedora-clang | 1.1.2 | 361.19 | NOTE | |||
r-devel-linux-x86_64-fedora-gcc | 1.1.2 | 335.37 | NOTE | |||
r-devel-macos-arm64 | 1.1.2 | 72.00 | NOTE | |||
r-devel-macos-x86_64 | 1.1.2 | 88.00 | NOTE | |||
r-devel-windows-x86_64 | 1.1.2 | 132.00 | 75.00 | 207.00 | NOTE | |
r-patched-linux-x86_64 | 1.1.2 | 121.39 | 35.57 | 156.96 | NOTE | |
r-release-linux-x86_64 | 1.1.2 | 120.74 | 35.66 | 156.40 | NOTE | |
r-release-macos-arm64 | 1.1.2 | 71.00 | NOTE | |||
r-release-macos-x86_64 | 1.1.2 | 75.00 | NOTE | |||
r-release-windows-x86_64 | 1.1.2 | 131.00 | 73.00 | 204.00 | NOTE | |
r-oldrel-macos-arm64 | 1.1.2 | 112.00 | NOTE | |||
r-oldrel-macos-x86_64 | 1.1.2 | 168.00 | NOTE | |||
r-oldrel-windows-x86_64 | 1.1.2 | 159.00 | 92.00 | 251.00 | NOTE |
Version: 1.1.2
Check: C++ specification
Result: NOTE
Specified C++14: please drop specification unless essential
Flavors: r-devel-linux-x86_64-debian-clang, r-devel-linux-x86_64-debian-gcc, r-devel-linux-x86_64-fedora-clang, r-devel-linux-x86_64-fedora-gcc, r-devel-macos-arm64, r-devel-macos-x86_64, r-devel-windows-x86_64, r-patched-linux-x86_64, r-release-linux-x86_64, r-release-macos-arm64, r-release-macos-x86_64, r-release-windows-x86_64, r-oldrel-macos-arm64, r-oldrel-macos-x86_64, r-oldrel-windows-x86_64
Version: 1.1.2
Check: Rd files
Result: NOTE
checkRd: (-1) pmvn.Rd:21: Lost braces in \itemize; meant \describe ?
checkRd: (-1) pmvn.Rd:22: Lost braces in \itemize; meant \describe ?
checkRd: (-1) pmvn.Rd:23: Lost braces in \itemize; meant \describe ?
checkRd: (-1) pmvt.Rd:23: Lost braces in \itemize; meant \describe ?
checkRd: (-1) pmvt.Rd:24: Lost braces in \itemize; meant \describe ?
checkRd: (-1) pmvt.Rd:25: Lost braces in \itemize; meant \describe ?
Flavors: r-devel-linux-x86_64-debian-clang, r-devel-linux-x86_64-debian-gcc, r-devel-linux-x86_64-fedora-clang, r-devel-linux-x86_64-fedora-gcc, r-devel-macos-arm64, r-devel-macos-x86_64, r-devel-windows-x86_64, r-patched-linux-x86_64, r-release-linux-x86_64, r-release-macos-arm64, r-release-macos-x86_64, r-release-windows-x86_64
Version: 1.1.2
Check: installed package size
Result: NOTE
installed size is 11.9Mb
sub-directories of 1Mb or more:
libs 11.8Mb
Flavors: r-release-macos-arm64, r-release-macos-x86_64, r-oldrel-macos-arm64, r-oldrel-macos-x86_64