CRAN Package Check Results for Package tipitaka

Last updated on 2025-10-07 09:50:03 CEST.

Flavor Version Tinstall Tcheck Ttotal Status Flags
r-devel-linux-x86_64-debian-clang 0.1.2 44.08 36.24 80.32 NOTE
r-devel-linux-x86_64-debian-gcc 0.1.2 37.32 29.83 67.15 NOTE
r-devel-linux-x86_64-fedora-clang 0.1.2 123.85 NOTE
r-devel-linux-x86_64-fedora-gcc 0.1.2 119.56 NOTE
r-devel-windows-x86_64 0.1.2 49.00 65.00 114.00 NOTE
r-patched-linux-x86_64 0.1.2 40.59 35.06 75.65 NOTE
r-release-linux-x86_64 0.1.2 43.74 33.47 77.21 NOTE
r-release-macos-arm64 0.1.2 63.00 NOTE
r-release-macos-x86_64 0.1.2 99.00 NOTE
r-release-windows-x86_64 0.1.2 49.00 66.00 115.00 NOTE
r-oldrel-macos-arm64 0.1.2 58.00 NOTE
r-oldrel-macos-x86_64 0.1.2 71.00 NOTE
r-oldrel-windows-x86_64 0.1.2 60.00 75.00 135.00 NOTE

Check Details

Version: 0.1.2
Check: C++ specification
Result: NOTE Specified C++14: please drop specification unless essential Flavors: r-devel-linux-x86_64-debian-clang, r-devel-linux-x86_64-debian-gcc, r-devel-linux-x86_64-fedora-clang, r-devel-linux-x86_64-fedora-gcc, r-devel-windows-x86_64, r-patched-linux-x86_64, r-release-linux-x86_64, r-release-macos-arm64, r-release-macos-x86_64, r-release-windows-x86_64, r-oldrel-macos-arm64, r-oldrel-macos-x86_64, r-oldrel-windows-x86_64

Version: 0.1.2
Check: dependencies in R code
Result: NOTE Namespaces in Imports field not imported from: ‘cpp11’ ‘dplyr’ ‘magrittr’ ‘stringi’ All declared Imports should be used. Flavors: r-devel-linux-x86_64-fedora-clang, r-devel-linux-x86_64-fedora-gcc

Version: 0.1.2
Check: installed package size
Result: NOTE installed size is 6.9Mb sub-directories of 1Mb or more: data 6.1Mb Flavors: r-oldrel-macos-arm64, r-oldrel-macos-x86_64, r-oldrel-windows-x86_64