Last updated on 2025-10-27 08:50:09 CET.
| Flavor | Version | Tinstall | Tcheck | Ttotal | Status | Flags |
|---|---|---|---|---|---|---|
| r-devel-linux-x86_64-debian-clang | 1.1.1 | 20.83 | 139.72 | 160.55 | OK | |
| r-devel-linux-x86_64-debian-gcc | 1.1.1 | 13.09 | 99.63 | 112.72 | OK | |
| r-devel-linux-x86_64-fedora-clang | 1.1.1 | 51.00 | 203.78 | 254.78 | OK | |
| r-devel-linux-x86_64-fedora-gcc | 1.1.1 | 113.00 | 147.35 | 260.35 | OK | |
| r-devel-windows-x86_64 | 1.1.1 | 27.00 | 149.00 | 176.00 | OK | |
| r-patched-linux-x86_64 | 1.1.1 | 19.21 | 135.06 | 154.27 | OK | |
| r-release-linux-x86_64 | 1.1.1 | 18.65 | 137.26 | 155.91 | OK | |
| r-release-macos-arm64 | 1.1.1 | 9.00 | 61.00 | 70.00 | OK | |
| r-release-macos-x86_64 | 1.1.1 | 15.00 | 130.00 | 145.00 | OK | |
| r-release-windows-x86_64 | 1.1.1 | 31.00 | 153.00 | 184.00 | ERROR | |
| r-oldrel-macos-arm64 | 1.1.1 | 9.00 | 62.00 | 71.00 | OK | |
| r-oldrel-macos-x86_64 | 1.1.1 | 15.00 | 139.00 | 154.00 | OK | |
| r-oldrel-windows-x86_64 | 1.1.1 | 37.00 | 192.00 | 229.00 | OK |
Version: 1.1.1
Check: tests
Result: ERROR
Running 'testthat.R' [50s]
Running the tests in 'tests/testthat.R' failed.
Complete output:
> library(testthat)
> library(timeplyr)
> # Sys.unsetenv("R_TESTS")
> # Sys.setenv("OMP_THREAD_LIMIT" = 2)
> # data.table::setDTthreads(threads = 1L)
> # collapse::set_collapse(nthreads = 1L)
>
> reset_timeplyr_options()
> test_check("timeplyr", reporter = c("check", "location"))
Start test: calendar
'test-calendar.R:17:3' [success]
'test-calendar.R:22:3' [success]
End test: calendar
Start test: time delay
! The following functions will be optimised package-wide:
`sum`
`prod`
`mean`
`median`
`min`
`max`
`sd`
`var`
`dplyr::n`
`dplyr::first`
`dplyr::last`
`dplyr::n_distinct`
`dplyr::row_number`
`dplyr::lag`
`dplyr::lead`
`dplyr::cur_group`
`dplyr::cur_group_id`
`dplyr::cur_group_rows`
Optimised expressions are independent from unoptimised ones and typical data-masking rules may not apply
Run `fastplyr::fastplyr_disable_optimisations()` to disable optimisations globally
Run `fastplyr::fastplyr_disable_informative_msgs()` to disable this and other informative messages
This message is displayed once per session.
Expressions will be evaluated in separate masks
Normal exprs: delay
Optimised exprs: .group.id
To always evaluate everything in the same mask run `fastplyr::fastplyr_disable_optimisations()`
It is advised to run these exprs in separate e.g. `f_mutate/f_reframe/f_summarise` statements
Run `fastplyr::fastplyr_disable_informative_msgs()` to disable this and other informative messages
Expressions will be evaluated in separate masks
Normal exprs: delay
Optimised exprs: .group.id and hospital
To always evaluate everything in the same mask run `fastplyr::fastplyr_disable_optimisations()`
It is advised to run these exprs in separate e.g. `f_mutate/f_reframe/f_summarise` statements
Run `fastplyr::fastplyr_disable_informative_msgs()` to disable this and other informative messages
Expressions will be evaluated in separate masks
Normal exprs: delay
Optimised exprs: .group.id
To always evaluate everything in the same mask run `fastplyr::fastplyr_disable_optimisations()`
It is advised to run these exprs in separate e.g. `f_mutate/f_reframe/f_summarise` statements
Run `fastplyr::fastplyr_disable_informative_msgs()` to disable this and other informative messages
'test-get_time_delay.R:86:3' [success]
'test-get_time_delay.R:90:3' [success]
'test-get_time_delay.R:98:3' [success]
'test-get_time_delay.R:102:3' [success]
'test-get_time_delay.R:103:3' [success]
'test-get_time_delay.R:105:3' [success]
'test-get_time_delay.R:106:3' [success]
'test-get_time_delay.R:107:3' [success]
'test-get_time_delay.R:109:3' [success]
'test-get_time_delay.R:111:3' [success]
'test-get_time_delay.R:158:3' [success]
'test-get_time_delay.R:175:3' [success]
'test-get_time_delay.R:183:3' [success]
'test-get_time_delay.R:199:3' [success]
'test-get_time_delay.R:208:3' [success]
'test-get_time_delay.R:212:3' [success]
'test-get_time_delay.R:220:3' [success]
End test: time delay
Start test: Normal cases
'test-growth.R:8:3' [success]
'test-growth.R:12:3' [success]
'test-growth.R:16:3' [success]
'test-growth.R:20:3' [success]
'test-growth.R:24:3' [success]
'test-growth.R:28:3' [success]
'test-growth.R:32:3' [success]
'test-growth.R:36:3' [success]
'test-growth.R:44:3' [success]
'test-growth.R:52:3' [success]
'test-growth.R:56:3' [success]
'test-growth.R:60:3' [success]
'test-growth.R:64:3' [success]
'test-growth.R:68:3' [success]
'test-growth.R:76:3' [success]
End test: Normal cases
Start test: Weights and offsets
'test-growth.R:105:3' [success]
'test-growth.R:112:3' [success]
'test-growth.R:116:3' [success]
'test-growth.R:123:3' [success]
'test-growth.R:134:3' [success]
'test-growth.R:141:3' [success]
'test-growth.R:168:3' [success]
'test-growth.R:175:3' [success]
'test-growth.R:183:3' [success]
'test-growth.R:187:3' [success]
'test-growth.R:197:3' [success]
End test: Weights and offsets
Start test: Normal cases
'test-growth_rate.R:13:3' [success]
'test-growth_rate.R:14:3' [success]
'test-growth_rate.R:15:3' [success]
'test-growth_rate.R:16:3' [success]
'test-growth_rate.R:17:3' [success]
'test-growth_rate.R:18:3' [success]
'test-growth_rate.R:19:3' [success]
'test-growth_rate.R:20:3' [success]
'test-growth_rate.R:21:3' [success]
'test-growth_rate.R:22:3' [success]
'test-growth_rate.R:26:3' [success]
'test-growth_rate.R:27:3' [success]
'test-growth_rate.R:28:3' [success]
'test-growth_rate.R:35:3' [success]
'test-growth_rate.R:39:3' [success]
'test-growth_rate.R:43:3' [success]
'test-growth_rate.R:47:3' [success]
'test-growth_rate.R:51:3' [success]
'test-growth_rate.R:55:3' [success]
'test-growth_rate.R:59:3' [success]
'test-growth_rate.R:72:3' [success]
'test-growth_rate.R:76:3' [success]
'test-growth_rate.R:77:3' [success]
'test-growth_rate.R:87:3' [success]
'test-growth_rate.R:95:3' [success]
'test-growth_rate.R:103:3' [success]
End test: Normal cases
Start test: Whole numbers
'test-is_whole_number.R:14:3' [success]
'test-is_whole_number.R:15:3' [success]
'test-is_whole_number.R:16:3' [success]
'test-is_whole_number.R:20:3' [success]
'test-is_whole_number.R:21:3' [success]
'test-is_whole_number.R:24:3' [success]
'test-is_whole_number.R:25:3' [success]
'test-is_whole_number.R:28:3' [success]
'test-is_whole_number.R:29:3' [success]
'test-is_whole_number.R:32:3' [success]
'test-is_whole_number.R:33:3' [success]
'test-is_whole_number.R:34:3' [success]
'test-is_whole_number.R:35:3' [success]
'test-is_whole_number.R:36:3' [success]
'test-is_whole_number.R:37:3' [success]
'test-is_whole_number.R:38:3' [success]
'test-is_whole_number.R:39:3' [success]
'test-is_whole_number.R:40:3' [success]
'test-is_whole_number.R:41:3' [success]
'test-is_whole_number.R:43:3' [success]
'test-is_whole_number.R:46:3' [success]
'test-is_whole_number.R:51:3' [success]
'test-is_whole_number.R:52:3' [success]
'test-is_whole_number.R:53:3' [success]
'test-is_whole_number.R:54:3' [success]
End test: Whole numbers
Start test: Compare to lubridate
'test-iso_week.R:53:3' [success]
'test-iso_week.R:59:3' [success]
'test-iso_week.R:65:3' [success]
'test-iso_week.R:69:3' [success]
'test-iso_week.R:73:3' [success]
'test-iso_week.R:77:3' [success]
End test: Compare to lubridate
Start test: Lags
'test-roll_lag.R:13:3' [success]
'test-roll_lag.R:14:3' [success]
'test-roll_lag.R:15:3' [success]
'test-roll_lag.R:16:3' [success]
'test-roll_lag.R:17:3' [success]
'test-roll_lag.R:19:3' [success]
'test-roll_lag.R:20:3' [success]
'test-roll_lag.R:21:3' [success]
'test-roll_lag.R:22:3' [success]
'test-roll_lag.R:23:3' [success]
'test-roll_lag.R:25:3' [success]
'test-roll_lag.R:26:3' [success]
'test-roll_lag.R:27:3' [success]
'test-roll_lag.R:28:3' [success]
'test-roll_lag.R:29:3' [success]
'test-roll_lag.R:31:3' [success]
'test-roll_lag.R:32:3' [success]
'test-roll_lag.R:33:3' [success]
'test-roll_lag.R:34:3' [success]
'test-roll_lag.R:35:3' [success]
'test-roll_lag.R:37:3' [success]
'test-roll_lag.R:38:3' [success]
'test-roll_lag.R:39:3' [success]
'test-roll_lag.R:40:3' [success]
'test-roll_lag.R:41:3' [success]
'test-roll_lag.R:43:3' [success]
'test-roll_lag.R:44:3' [success]
'test-roll_lag.R:45:3' [success]
'test-roll_lag.R:46:3' [success]
'test-roll_lag.R:47:3' [success]
End test: Lags
Start test: Grouped lags
'test-roll_lag.R:99:3' [success]
'test-roll_lag.R:100:3' [success]
'test-roll_lag.R:101:3' [success]
'test-roll_lag.R:102:3' [success]
'test-roll_lag.R:103:3' [success]
'test-roll_lag.R:104:3' [success]
'test-roll_lag.R:106:3' [success]
'test-roll_lag.R:107:3' [success]
'test-roll_lag.R:108:3' [success]
'test-roll_lag.R:109:3' [success]
'test-roll_lag.R:110:3' [success]
'test-roll_lag.R:111:3' [success]
'test-roll_lag.R:113:3' [success]
'test-roll_lag.R:114:3' [success]
'test-roll_lag.R:115:3' [success]
'test-roll_lag.R:116:3' [success]
'test-roll_lag.R:117:3' [success]
'test-roll_lag.R:118:3' [success]
'test-roll_lag.R:121:3' [success]
'test-roll_lag.R:122:3' [success]
'test-roll_lag.R:123:3' [success]
'test-roll_lag.R:124:3' [success]
'test-roll_lag.R:125:3' [success]
'test-roll_lag.R:126:3' [success]
'test-roll_lag.R:128:3' [success]
'test-roll_lag.R:129:3' [success]
'test-roll_lag.R:130:3' [success]
'test-roll_lag.R:131:3' [success]
'test-roll_lag.R:132:3' [success]
'test-roll_lag.R:133:3' [success]
'test-roll_lag.R:135:3' [success]
'test-roll_lag.R:136:3' [success]
'test-roll_lag.R:137:3' [success]
'test-roll_lag.R:138:3' [success]
'test-roll_lag.R:139:3' [success]
'test-roll_lag.R:140:3' [success]
'test-roll_lag.R:152:3' [success]
'test-roll_lag.R:156:3' [success]
'test-roll_lag.R:157:3' [success]
'test-roll_lag.R:161:3' [success]
'test-roll_lag.R:166:3' [success]
'test-roll_lag.R:170:3' [success]
'test-roll_lag.R:171:3' [success]
'test-roll_lag.R:175:3' [success]
End test: Grouped lags
Start test: More complicated diff tests
'test-roll_lag.R:207:3' [success]
'test-roll_lag.R:211:3' [success]
'test-roll_lag.R:215:3' [success]
'test-roll_lag.R:221:3' [success]
'test-roll_lag.R:225:3' [success]
'test-roll_lag.R:229:3' [success]
'test-roll_lag.R:235:3' [success]
'test-roll_lag.R:239:3' [success]
'test-roll_lag.R:243:3' [success]
'test-roll_lag.R:249:3' [success]
'test-roll_lag.R:250:3' [success]
'test-roll_lag.R:251:3' [success]
'test-roll_lag.R:254:3' [success]
'test-roll_lag.R:255:3' [success]
'test-roll_lag.R:256:3' [success]
'test-roll_lag.R:259:3' [success]
'test-roll_lag.R:269:3' [success]
'test-roll_lag.R:279:3' [success]
'test-roll_lag.R:291:3' [success]
'test-roll_lag.R:301:3' [success]
'test-roll_lag.R:311:3' [success]
'test-roll_lag.R:323:3' [success]
'test-roll_lag.R:333:3' [success]
'test-roll_lag.R:343:3' [success]
'test-roll_lag.R:355:3' [success]
'test-roll_lag.R:365:3' [success]
'test-roll_lag.R:375:3' [success]
'test-roll_lag.R:387:3' [success]
'test-roll_lag.R:397:3' [success]
'test-roll_lag.R:407:3' [success]
'test-roll_lag.R:419:3' [success]
'test-roll_lag.R:429:3' [success]
'test-roll_lag.R:439:3' [success]
End test: More complicated diff tests
Start test: Expect error
'test-roll_mean.R:7:3' [success]
'test-roll_mean.R:8:3' [success]
End test: Expect error
Start test: Expected outputs
'test-roll_mean.R:26:3' [success]
'test-roll_mean.R:30:3' [success]
'test-roll_mean.R:34:3' [success]
'test-roll_mean.R:38:3' [success]
'test-roll_mean.R:42:3' [success]
'test-roll_mean.R:46:3' [success]
'test-roll_mean.R:51:3' [success]
'test-roll_mean.R:55:3' [success]
'test-roll_mean.R:59:3' [success]
'test-roll_mean.R:63:3' [success]
End test: Expected outputs
Start test: simple tests
'test-roll_mean.R:187:3' [success]
'test-roll_mean.R:195:3' [success]
End test: simple tests
Start test: NA fill
'test-roll_na_fill.R:22:3' [success]
'test-roll_na_fill.R:26:3' [success]
'test-roll_na_fill.R:30:3' [success]
'test-roll_na_fill.R:34:3' [success]
'test-roll_na_fill.R:45:3' [success]
'test-roll_na_fill.R:56:3' [success]
'test-roll_na_fill.R:67:3' [success]
'test-roll_na_fill.R:78:3' [success]
'test-roll_na_fill.R:89:3' [success]
'test-roll_na_fill.R:102:3' [success]
'test-roll_na_fill.R:113:3' [success]
End test: NA fill
Start test: extra tests
'test-roll_na_fill.R:142:3' [success]
End test: extra tests
Start test: time_by
'test-time_by.R:12:3' [skip]
End test: time_by
Start test: Tests for time_countv2
'test-time_core.R:20:3' [success]
End test: Tests for time_countv2
Start test: Tests for time_span
'test-time_core.R:50:3' [success]
'test-time_core.R:54:3' [success]
'test-time_core.R:58:3' [success]
'test-time_core.R:65:3' [success]
'test-time_core.R:72:3' [success]
'test-time_core.R:79:3' [success]
End test: Tests for time_span
Start test: Tests for time_completev
'test-time_core.R:106:3' [success]
End test: Tests for time_completev
Start test: Tests for time_summarisev
'test-time_core.R:121:3' [success]
'test-time_core.R:125:3' [success]
End test: Tests for time_summarisev
Start test: time breaks
'test-time_cut.R:25:3' [success]
'test-time_cut.R:26:3' [success]
'test-time_cut.R:27:3' [success]
'test-time_cut.R:31:3' [success]
'test-time_cut.R:39:3' [success]
'test-time_cut.R:50:3' [success]
'test-time_cut.R:59:3' [success]
'test-time_cut.R:68:3' [success]
End test: time breaks
Start test: time cut
'test-time_cut.R:88:3' [success]
'test-time_cut.R:95:3' [success]
'test-time_cut.R:101:3' [success]
'test-time_cut.R:106:3' [success]
'test-time_cut.R:107:3' [success]
'test-time_cut.R:108:3' [success]
'test-time_cut.R:109:3' [success]
'test-time_cut.R:110:3' [success]
'test-time_cut.R:114:3' [success]
End test: time cut
Start test: time diff
'test-time_diff.R:12:3' [success]
'test-time_diff.R:16:3' [success]
'test-time_diff.R:24:3' [success]
'test-time_diff.R:34:3' [success]
'test-time_diff.R:38:3' [success]
'test-time_diff.R:42:3' [success]
'test-time_diff.R:43:3' [success]
'test-time_diff.R:44:3' [success]
'test-time_diff.R:50:3' [success]
'test-time_diff.R:54:3' [success]
'test-time_diff.R:58:3' [success]
'test-time_diff.R:64:3' [success]
'test-time_diff.R:70:3' [success]
'test-time_diff.R:76:3' [success]
'test-time_diff.R:82:3' [success]
'test-time_diff.R:88:3' [success]
'test-time_diff.R:94:3' [success]
'test-time_diff.R:101:5' [success]
'test-time_diff.R:101:5' [success]
'test-time_diff.R:101:5' [success]
'test-time_diff.R:101:5' [success]
'test-time_diff.R:101:5' [success]
'test-time_diff.R:101:5' [success]
'test-time_diff.R:101:5' [success]
'test-time_diff.R:101:5' [success]
'test-time_diff.R:101:5' [success]
'test-time_diff.R:101:5' [success]
'test-time_diff.R:101:5' [success]
'test-time_diff.R:112:3' [success]
'test-time_diff.R:117:3' [success]
'test-time_diff.R:120:3' [success]
'test-time_diff.R:123:3' [success]
'test-time_diff.R:136:3' [success]
'test-time_diff.R:145:3' [success]
'test-time_diff.R:154:3' [success]
End test: time diff
Start test: grid of dates and date-times
'test-time_diff.R:219:7' [success]
'test-time_diff.R:220:7' [success]
'test-time_diff.R:221:7' [success]
'test-time_diff.R:222:7' [success]
'test-time_diff.R:224:7' [success]
'test-time_diff.R:225:7' [success]
'test-time_diff.R:226:7' [success]
'test-time_diff.R:227:7' [success]
'test-time_diff.R:229:7' [success]
'test-time_diff.R:230:7' [success]
'test-time_diff.R:231:7' [success]
'test-time_diff.R:232:7' [success]
'test-time_diff.R:234:7' [success]
'test-time_diff.R:235:7' [success]
'test-time_diff.R:236:7' [success]
'test-time_diff.R:237:7' [success]
'test-time_diff.R:239:7' [success]
'test-time_diff.R:240:7' [success]
'test-time_diff.R:241:7' [success]
'test-time_diff.R:242:7' [success]
'test-time_diff.R:244:7' [success]
'test-time_diff.R:245:7' [success]
'test-time_diff.R:246:7' [success]
'test-time_diff.R:247:7' [success]
'test-time_diff.R:249:7' [success]
'test-time_diff.R:250:7' [success]
'test-time_diff.R:251:7' [success]
'test-time_diff.R:252:7' [success]
'test-time_diff.R:219:7' [success]
'test-time_diff.R:220:7' [success]
'test-time_diff.R:221:7' [success]
'test-time_diff.R:222:7' [success]
'test-time_diff.R:224:7' [success]
'test-time_diff.R:225:7' [success]
'test-time_diff.R:226:7' [success]
'test-time_diff.R:227:7' [success]
'test-time_diff.R:229:7' [success]
'test-time_diff.R:230:7' [success]
'test-time_diff.R:231:7' [success]
'test-time_diff.R:232:7' [success]
'test-time_diff.R:234:7' [success]
'test-time_diff.R:235:7' [success]
'test-time_diff.R:236:7' [success]
'test-time_diff.R:237:7' [success]
'test-time_diff.R:239:7' [success]
'test-time_diff.R:240:7' [success]
'test-time_diff.R:241:7' [success]
'test-time_diff.R:242:7' [success]
'test-time_diff.R:244:7' [success]
'test-time_diff.R:245:7' [success]
'test-time_diff.R:246:7' [success]
'test-time_diff.R:247:7' [success]
'test-time_diff.R:249:7' [success]
'test-time_diff.R:250:7' [success]
'test-time_diff.R:251:7' [success]
'test-time_diff.R:252:7' [success]
'test-time_diff.R:219:7' [success]
'test-time_diff.R:220:7' [success]
'test-time_diff.R:221:7' [success]
'test-time_diff.R:222:7' [success]
'test-time_diff.R:224:7' [success]
'test-time_diff.R:225:7' [success]
'test-time_diff.R:226:7' [success]
'test-time_diff.R:227:7' [success]
'test-time_diff.R:229:7' [success]
'test-time_diff.R:230:7' [success]
'test-time_diff.R:231:7' [success]
'test-time_diff.R:232:7' [success]
'test-time_diff.R:234:7' [success]
'test-time_diff.R:235:7' [success]
'test-time_diff.R:236:7' [success]
'test-time_diff.R:237:7' [success]
'test-time_diff.R:239:7' [success]
'test-time_diff.R:240:7' [success]
'test-time_diff.R:241:7' [success]
'test-time_diff.R:242:7' [success]
'test-time_diff.R:244:7' [success]
'test-time_diff.R:245:7' [success]
'test-time_diff.R:246:7' [success]
'test-time_diff.R:247:7' [success]
'test-time_diff.R:249:7' [success]
'test-time_diff.R:250:7' [success]
'test-time_diff.R:251:7' [success]
'test-time_diff.R:252:7' [success]
'test-time_diff.R:292:3' [success]
End test: grid of dates and date-times
Start test: Time elapsed
'test-time_elapsed.R:8:3' [success]
'test-time_elapsed.R:16:3' [success]
'test-time_elapsed.R:32:3' [success]
'test-time_elapsed.R:38:3' [success]
'test-time_elapsed.R:45:3' [success]
'test-time_elapsed.R:50:3' [success]
'test-time_elapsed.R:56:3' [success]
'test-time_elapsed.R:66:3' [success]
'test-time_elapsed.R:79:3' [success]
'test-time_elapsed.R:96:3' [success]
'test-time_elapsed.R:113:3' [success]
'test-time_elapsed.R:131:3' [success]
'test-time_elapsed.R:147:3' [success]
End test: Time elapsed
Start test: Testing time episodes
'test-time_episodes.R:27:3' [success]
'test-time_episodes.R:28:3' [success]
'test-time_episodes.R:450:3' [success]
Assuming a time granularity of 1 hour(s)
'test-time_episodes.R:462:3' [success]
'test-time_episodes.R:475:3' [success]
'test-time_episodes.R:493:3' [success]
'test-time_episodes.R:504:3' [success]
'test-time_episodes.R:515:3' [success]
'test-time_episodes.R:529:3' [success]
'test-time_episodes.R:543:3' [success]
'test-time_episodes.R:555:3' [success]
'test-time_episodes.R:567:3' [success]
'test-time_episodes.R:582:3' [success]
'test-time_episodes.R:598:3' [success]
'test-time_episodes.R:610:3' [success]
'test-time_episodes.R:622:3' [success]
'test-time_episodes.R:637:3' [success]
'test-time_episodes.R:654:3' [success]
'test-time_episodes.R:665:3' [success]
'test-time_episodes.R:676:3' [success]
'test-time_episodes.R:687:3' [success]
'test-time_episodes.R:698:3' [success]
Assuming a time granularity of 1 numeric unit(s)
'test-time_episodes.R:741:3' [success]
Assuming a time granularity of 1 numeric unit(s)
'test-time_episodes.R:760:3' [success]
End test: Testing time episodes
Start test: Simple episodic tests
'test-time_episodes.R:782:3' [skip]
End test: Simple episodic tests
Start test: time expand
'test-time_expand.R:14:3' [success]
'test-time_expand.R:21:3' [success]
'test-time_expand.R:148:3' [success]
'test-time_expand.R:165:3' [success]
'test-time_expand.R:205:3' [success]
'test-time_expand.R:211:3' [success]
'test-time_expand.R:219:3' [success]
'test-time_expand.R:225:3' [success]
'test-time_expand.R:231:3' [success]
'test-time_expand.R:237:3' [success]
'test-time_expand.R:246:3' [success]
'test-time_expand.R:274:3' [success]
End test: time expand
Start test: time gaps
'test-time_gaps.R:10:3' [success]
'test-time_gaps.R:11:3' [success]
'test-time_gaps.R:12:3' [success]
'test-time_gaps.R:13:3' [success]
'test-time_gaps.R:14:3' [success]
'test-time_gaps.R:15:3' [success]
'test-time_gaps.R:19:3' [success]
'test-time_gaps.R:21:3' [success]
'test-time_gaps.R:29:3' [success]
'test-time_gaps.R:30:3' [success]
'test-time_gaps.R:31:3' [success]
'test-time_gaps.R:32:3' [success]
End test: time gaps
Start test: time regularity
'test-time_is_regular.R:13:3' [success]
'test-time_is_regular.R:14:3' [success]
'test-time_is_regular.R:15:3' [success]
'test-time_is_regular.R:16:3' [success]
'test-time_is_regular.R:22:3' [success]
'test-time_is_regular.R:23:3' [success]
'test-time_is_regular.R:27:3' [success]
'test-time_is_regular.R:31:3' [success]
'test-time_is_regular.R:39:3' [success]
'test-time_is_regular.R:40:3' [success]
'test-time_is_regular.R:41:3' [success]
'test-time_is_regular.R:42:3' [success]
'test-time_is_regular.R:48:3' [success]
'test-time_is_regular.R:50:3' [success]
'test-time_is_regular.R:51:3' [success]
'test-time_is_regular.R:52:3' [success]
'test-time_is_regular.R:53:3' [success]
'test-time_is_regular.R:54:3' [success]
'test-time_is_regular.R:55:3' [success]
'test-time_is_regular.R:59:3' [success]
'test-time_is_regular.R:61:3' [success]
'test-time_is_regular.R:69:3' [success]
'test-time_is_regular.R:70:3' [success]
'test-time_is_regular.R:71:3' [success]
'test-time_is_regular.R:72:3' [success]
End test: time regularity
Start test: time_roll
'test-time_roll.R:27:3' [skip]
End test: time_roll
Start test: Dates
'test-time_seq.R:12:3' [failure]
'test-time_seq.R:13:3' [failure]
'test-time_seq.R:17:3' [success]
'test-time_seq.R:21:3' [failure]
'test-time_seq.R:33:3' [success]
'test-time_seq.R:40:3' [success]
'test-time_seq.R:44:3' [success]
'test-time_seq.R:48:3' [success]
'test-time_seq.R:52:3' [success]
'test-time_seq.R:53:3' [success]
'test-time_seq.R:54:3' [success]
'test-time_seq.R:56:3' [success]
'test-time_seq.R:60:3' [success]
'test-time_seq.R:64:3' [success]
'test-time_seq.R:71:3' [success]
'test-time_seq.R:78:3' [success]
'test-time_seq.R:83:3' [success]
'test-time_seq.R:87:3' [success]
'test-time_seq.R:91:3' [success]
'test-time_seq.R:97:3' [success]
'test-time_seq.R:103:3' [success]
'test-time_seq.R:107:3' [success]
'test-time_seq.R:111:3' [success]
'test-time_seq.R:115:3' [success]
'test-time_seq.R:119:3' [success]
'test-time_seq.R:123:3' [success]
'test-time_seq.R:128:3' [success]
'test-time_seq.R:129:3' [success]
'test-time_seq.R:131:3' [success]
'test-time_seq.R:132:3' [success]
'test-time_seq.R:133:3' [success]
'test-time_seq.R:134:3' [success]
'test-time_seq.R:135:3' [success]
'test-time_seq.R:137:3' [success]
'test-time_seq.R:138:3' [success]
'test-time_seq.R:139:3' [success]
'test-time_seq.R:146:3' [success]
'test-time_seq.R:147:3' [success]
'test-time_seq.R:152:3' [success]
'test-time_seq.R:153:3' [success]
'test-time_seq.R:157:3' [failure]
'test-time_seq.R:161:3' [success]
End test: Dates
Start test: Datetimes
'test-time_seq.R:174:3' [success]
'test-time_seq.R:178:3' [success]
'test-time_seq.R:182:3' [success]
'test-time_seq.R:188:3' [success]
'test-time_seq.R:192:3' [success]
'test-time_seq.R:196:3' [success]
'test-time_seq.R:201:3' [success]
'test-time_seq.R:207:3' [success]
'test-time_seq.R:208:3' [success]
'test-time_seq.R:212:3' [success]
'test-time_seq.R:216:3' [success]
'test-time_seq.R:220:3' [success]
'test-time_seq.R:224:3' [success]
'test-time_seq.R:228:3' [success]
'test-time_seq.R:241:3' [success]
'test-time_seq.R:242:3' [success]
'test-time_seq.R:246:3' [success]
'test-time_seq.R:250:3' [success]
'test-time_seq.R:257:3' [success]
'test-time_seq.R:263:3' [success]
'test-time_seq.R:271:3' [success]
'test-time_seq.R:277:3' [success]
'test-time_seq.R:283:3' [success]
'test-time_seq.R:289:3' [success]
'test-time_seq.R:297:3' [success]
'test-time_seq.R:301:3' [success]
'test-time_seq.R:305:3' [success]
'test-time_seq.R:309:3' [success]
'test-time_seq.R:313:3' [success]
'test-time_seq.R:319:3' [success]
'test-time_seq.R:323:3' [success]
'test-time_seq.R:327:3' [success]
'test-time_seq.R:340:3' [success]
'test-time_seq.R:341:3' [success]
'test-time_seq.R:343:3' [success]
'test-time_seq.R:344:3' [success]
'test-time_seq.R:345:3' [success]
'test-time_seq.R:346:3' [success]
'test-time_seq.R:347:3' [success]
'test-time_seq.R:364:3' [success]
'test-time_seq.R:372:3' [success]
'test-time_seq.R:376:3' [success]
'test-time_seq.R:380:3' [success]
'test-time_seq.R:394:3' [success]
'test-time_seq.R:395:3' [success]
End test: Datetimes
Start test: Time sequence lengths
'test-time_seq.R:411:3' [success]
'test-time_seq.R:415:3' [success]
'test-time_seq.R:419:3' [success]
'test-time_seq.R:423:3' [success]
'test-time_seq.R:427:3' [success]
'test-time_seq.R:431:3' [success]
'test-time_seq.R:435:3' [success]
'test-time_seq.R:439:3' [success]
'test-time_seq.R:443:3' [success]
'test-time_seq.R:447:3' [success]
'test-time_seq.R:451:3' [success]
'test-time_seq.R:455:3' [success]
End test: Time sequence lengths
Start test: Vectorised time sequences
'test-time_seq.R:466:3' [success]
'test-time_seq.R:470:3' [success]
'test-time_seq.R:474:3' [success]
'test-time_seq.R:478:3' [success]
'test-time_seq.R:482:3' [success]
'test-time_seq.R:487:3' [success]
End test: Vectorised time sequences
Start test: dates, datetimes and numeric increments
'test-time_seq.R:501:3' [success]
'test-time_seq.R:505:3' [success]
'test-time_seq.R:513:3' [success]
'test-time_seq.R:521:3' [success]
End test: dates, datetimes and numeric increments
Start test: time_seq_fill
'test-time_seq.R:539:3' [success]
'test-time_seq.R:540:3' [success]
End test: time_seq_fill
Start test: Time sequence IDs
'test-time_seq_id.R:8:3' [success]
'test-time_seq_id.R:15:3' [success]
'test-time_seq_id.R:38:3' [success]
'test-time_seq_id.R:54:3' [success]
'test-time_seq_id.R:67:3' [success]
'test-time_seq_id.R:106:3' [success]
'test-time_seq_id.R:107:3' [success]
End test: Time sequence IDs
Start test: Floating point errors
'test-time_seq_id.R:111:3' [success]
'test-time_seq_id.R:112:3' [success]
End test: Floating point errors
Start test: univariate
'test-ts_as_tbl.R:11:3' [success]
'test-ts_as_tbl.R:18:3' [success]
End test: univariate
Start test: multivariate
'test-ts_as_tbl.R:28:3' [success]
'test-ts_as_tbl.R:36:3' [success]
End test: multivariate
Start test: xts
'test-ts_as_tbl.R:271:3' [success]
'test-ts_as_tbl.R:281:3' [success]
End test: xts
Start test: zoo
'test-ts_as_tbl.R:300:3' [success]
'test-ts_as_tbl.R:309:3' [success]
'test-ts_as_tbl.R:320:3' [success]
'test-ts_as_tbl.R:330:3' [success]
'test-ts_as_tbl.R:337:3' [success]
'test-ts_as_tbl.R:347:3' [success]
'test-ts_as_tbl.R:362:3' [success]
'test-ts_as_tbl.R:372:3' [success]
End test: zoo
[ FAIL 4 | WARN 0 | SKIP 3 | PASS 598 ]
══ Skipped tests (3) ═══════════════════════════════════════════════════════════
• On CRAN (3): 'test-time_by.R:12:3', 'test-time_episodes.R:782:3',
'test-time_roll.R:27:3'
══ Failed tests ════════════════════════════════════════════════════════════════
── Failure ('test-time_seq.R:12:3'): Dates ─────────────────────────────────────
time_seq(start2, end2, time = "day") has length 10, not length 11.
── Failure ('test-time_seq.R:13:3'): Dates ─────────────────────────────────────
time_seq(start2, end2, length.out = 11) (`actual`) not equal to seq(start2, by = "day", length.out = 11) (`expected`).
`attr(actual, 'tzone')` is a character vector ('UTC')
`attr(expected, 'tzone')` is absent
actual | expected
[1] "2025-10-22 00:00:00" - "2025-10-22" [1]
[2] "2025-10-22 21:36:00" - "2025-10-23" [2]
[3] "2025-10-23 19:12:00" - "2025-10-24" [3]
[4] "2025-10-24 16:48:00" - "2025-10-25" [4]
[5] "2025-10-25 14:24:00" - "2025-10-26" [5]
[6] "2025-10-26 12:00:00" - "2025-10-27" [6]
[7] "2025-10-27 09:36:00" - "2025-10-28" [7]
[8] "2025-10-28 07:12:00" - "2025-10-29" [8]
[9] "2025-10-29 04:48:00" - "2025-10-30" [9]
[10] "2025-10-30 02:24:00" - "2025-10-31" [10]
... ... ... and 1 more ...
── Failure ('test-time_seq.R:21:3'): Dates ─────────────────────────────────────
time_seq(start2, end2, length.out = 10, ) (`actual`) not equal to seq(...) (`expected`).
`attr(actual, 'tzone')` is absent
`attr(expected, 'tzone')` is a character vector ('UTC')
unclass(actual) | unclass(expected)
[1] 20383.0 - 1761091200.0 [1]
[2] 20384.0 - 1761177600.0 [2]
[3] 20385.0 - 1761264000.0 [3]
[4] 20386.0 - 1761350400.0 [4]
[5] 20387.0 - 1761436800.0 [5]
[6] 20388.0 - 1761523200.0 [6]
[7] 20389.0 - 1761609600.0 [7]
[8] 20390.0 - 1761696000.0 [8]
[9] 20391.0 - 1761782400.0 [9]
[10] 20392.0 - 1761868800.0 [10]
── Failure ('test-time_seq.R:157:3'): Dates ────────────────────────────────────
time_seq(end2, start2, length.out = 11) (`actual`) not equal to seq(end2, start2, length.out = 11) (`expected`).
`attr(actual, 'tzone')` is a character vector ('UTC')
`attr(expected, 'tzone')` is absent
actual | expected
[1] "2025-10-31 00:00:00" - "2025-10-31" [1]
[2] "2025-10-30 02:24:00" - "2025-10-30" [2]
[3] "2025-10-29 04:48:00" - "2025-10-29" [3]
[4] "2025-10-28 07:12:00" - "2025-10-28" [4]
[5] "2025-10-27 09:36:00" - "2025-10-27" [5]
[6] "2025-10-26 12:00:00" - "2025-10-26" [6]
[7] "2025-10-25 14:24:00" - "2025-10-25" [7]
[8] "2025-10-24 16:48:00" - "2025-10-24" [8]
[9] "2025-10-23 19:12:00" - "2025-10-23" [9]
[10] "2025-10-22 21:36:00" - "2025-10-22" [10]
... ... ... and 1 more ...
[ FAIL 4 | WARN 0 | SKIP 3 | PASS 598 ]
Error: Test failures
Execution halted
Flavor: r-release-windows-x86_64