CRAN Package Check Results for Package timelineS

Last updated on 2025-04-15 09:52:35 CEST.

Flavor Version Tinstall Tcheck Ttotal Status Flags
r-devel-linux-x86_64-debian-clang 0.1.1 4.78 47.08 51.86 OK
r-devel-linux-x86_64-debian-gcc 0.1.1 3.29 34.19 37.48 OK
r-devel-linux-x86_64-fedora-clang 0.1.1 84.01 NOTE
r-devel-linux-x86_64-fedora-gcc 0.1.1 79.37 NOTE
r-devel-windows-x86_64 0.1.1 6.00 62.00 68.00 OK
r-patched-linux-x86_64 0.1.1 5.25 44.20 49.45 OK
r-release-linux-x86_64 0.1.1 4.74 44.46 49.20 OK
r-release-macos-arm64 0.1.1 30.00 OK
r-release-macos-x86_64 0.1.1 45.00 OK
r-release-windows-x86_64 0.1.1 6.00 64.00 70.00 OK
r-oldrel-macos-arm64 0.1.1 26.00 OK
r-oldrel-macos-x86_64 0.1.1 38.00 OK
r-oldrel-windows-x86_64 0.1.1 8.00 76.00 84.00 OK

Check Details

Version: 0.1.1
Check: dependencies in R code
Result: NOTE Namespace in Imports field not imported from: ‘base’ All declared Imports should be used. Flavors: r-devel-linux-x86_64-fedora-clang, r-devel-linux-x86_64-fedora-gcc