Last updated on 2025-02-16 09:50:54 CET.
Flavor | Version | Tinstall | Tcheck | Ttotal | Status | Flags |
---|---|---|---|---|---|---|
r-devel-linux-x86_64-debian-clang | 0.1.1 | 5.14 | 46.37 | 51.51 | OK | |
r-devel-linux-x86_64-debian-gcc | 0.1.1 | 3.38 | 33.80 | 37.18 | OK | |
r-devel-linux-x86_64-fedora-clang | 0.1.1 | 89.04 | NOTE | |||
r-devel-linux-x86_64-fedora-gcc | 0.1.1 | 75.19 | NOTE | |||
r-devel-macos-arm64 | 0.1.1 | 29.00 | OK | |||
r-devel-macos-x86_64 | 0.1.1 | 49.00 | OK | |||
r-devel-windows-x86_64 | 0.1.1 | 6.00 | 71.00 | 77.00 | OK | |
r-patched-linux-x86_64 | 0.1.1 | 4.99 | 43.08 | 48.07 | OK | |
r-release-linux-x86_64 | 0.1.1 | 4.40 | 43.57 | 47.97 | OK | |
r-release-macos-arm64 | 0.1.1 | 26.00 | OK | |||
r-release-macos-x86_64 | 0.1.1 | 38.00 | OK | |||
r-release-windows-x86_64 | 0.1.1 | 7.00 | 62.00 | 69.00 | OK | |
r-oldrel-macos-arm64 | 0.1.1 | 29.00 | OK | |||
r-oldrel-macos-x86_64 | 0.1.1 | 40.00 | OK | |||
r-oldrel-windows-x86_64 | 0.1.1 | 8.00 | 67.00 | 75.00 | OK |
Version: 0.1.1
Check: dependencies in R code
Result: NOTE
Namespace in Imports field not imported from: ‘base’
All declared Imports should be used.
Flavors: r-devel-linux-x86_64-fedora-clang, r-devel-linux-x86_64-fedora-gcc