CRAN Package Check Results for Package threesixtygiving

Last updated on 2025-02-20 09:51:05 CET.

Flavor Version Tinstall Tcheck Ttotal Status Flags
r-devel-linux-x86_64-debian-clang 0.2.2 6.81 56.29 63.10 OK
r-devel-linux-x86_64-debian-gcc 0.2.2 4.54 40.43 44.97 OK
r-devel-linux-x86_64-fedora-clang 0.2.2 108.34 OK
r-devel-linux-x86_64-fedora-gcc 0.2.2 107.49 OK
r-devel-macos-arm64 0.2.2 38.00 OK
r-devel-macos-x86_64 0.2.2 63.00 OK
r-devel-windows-x86_64 0.2.2 7.00 71.00 78.00 OK
r-patched-linux-x86_64 0.2.2 6.58 50.93 57.51 NOTE
r-release-linux-x86_64 0.2.2 6.39 51.35 57.74 NOTE
r-release-macos-arm64 0.2.2 35.00 NOTE
r-release-macos-x86_64 0.2.2 53.00 NOTE
r-release-windows-x86_64 0.2.2 8.00 77.00 85.00 NOTE
r-oldrel-macos-arm64 0.2.2 37.00 NOTE
r-oldrel-macos-x86_64 0.2.2 58.00 NOTE
r-oldrel-windows-x86_64 0.2.2 11.00 81.00 92.00 NOTE

Check Details

Version: 0.2.2
Check: LazyData
Result: NOTE 'LazyData' is specified without a 'data' directory Flavors: r-patched-linux-x86_64, r-release-linux-x86_64, r-release-macos-arm64, r-release-macos-x86_64, r-release-windows-x86_64, r-oldrel-macos-arm64, r-oldrel-macos-x86_64, r-oldrel-windows-x86_64