Last updated on 2025-02-16 09:50:54 CET.
Flavor | Version | Tinstall | Tcheck | Ttotal | Status | Flags |
---|---|---|---|---|---|---|
r-devel-linux-x86_64-debian-clang | 0.1.3 | 12.05 | 133.96 | 146.01 | NOTE | |
r-devel-linux-x86_64-debian-gcc | 0.1.3 | 6.61 | 88.30 | 94.91 | NOTE | |
r-devel-linux-x86_64-fedora-clang | 0.1.3 | 227.23 | NOTE | |||
r-devel-linux-x86_64-fedora-gcc | 0.1.3 | 206.04 | NOTE | |||
r-devel-macos-arm64 | 0.1.3 | 57.00 | OK | |||
r-devel-macos-x86_64 | 0.1.3 | 140.00 | NOTE | |||
r-devel-windows-x86_64 | 0.1.3 | 12.00 | 133.00 | 145.00 | NOTE | |
r-patched-linux-x86_64 | 0.1.3 | 11.30 | 120.30 | 131.60 | OK | |
r-release-linux-x86_64 | 0.1.3 | 10.94 | 121.98 | 132.92 | OK | |
r-release-macos-arm64 | 0.1.3 | 61.00 | OK | |||
r-release-macos-x86_64 | 0.1.3 | 135.00 | OK | |||
r-release-windows-x86_64 | 0.1.3 | 13.00 | 133.00 | 146.00 | OK | |
r-oldrel-macos-arm64 | 0.1.3 | 59.00 | OK | |||
r-oldrel-macos-x86_64 | 0.1.3 | 118.00 | OK | |||
r-oldrel-windows-x86_64 | 0.1.3 | 17.00 | 162.00 | 179.00 | OK |
Version: 0.1.3
Check: DESCRIPTION meta-information
Result: NOTE
Missing dependency on R >= 4.1.0 because package code uses the pipe
|> or function shorthand \(...) syntax added in R 4.1.0.
File(s) using such syntax:
‘mock_tbl.R’
Flavors: r-devel-linux-x86_64-debian-clang, r-devel-linux-x86_64-debian-gcc, r-devel-linux-x86_64-fedora-clang, r-devel-linux-x86_64-fedora-gcc, r-devel-macos-x86_64, r-devel-windows-x86_64