CRAN Package Check Results for Package tfprobability

Last updated on 2025-02-16 09:50:54 CET.

Flavor Version Tinstall Tcheck Ttotal Status Flags
r-devel-linux-x86_64-debian-clang 0.15.1 15.06 184.19 199.25 NOTE
r-devel-linux-x86_64-debian-gcc 0.15.1 10.71 122.37 133.08 NOTE
r-devel-linux-x86_64-fedora-clang 0.15.1 316.94 NOTE
r-devel-linux-x86_64-fedora-gcc 0.15.1 307.33 NOTE
r-devel-macos-arm64 0.15.1 85.00 NOTE
r-devel-macos-x86_64 0.15.1 170.00 NOTE
r-devel-windows-x86_64 0.15.1 18.00 299.00 317.00 NOTE
r-patched-linux-x86_64 0.15.1 46.54 168.40 214.94 NOTE
r-release-linux-x86_64 0.15.1 12.85 169.70 182.55 NOTE
r-release-macos-arm64 0.15.1 81.00 NOTE
r-release-macos-x86_64 0.15.1 123.00 NOTE
r-release-windows-x86_64 0.15.1 20.00 287.00 307.00 NOTE
r-oldrel-macos-arm64 0.15.1 91.00 OK
r-oldrel-macos-x86_64 0.15.1 148.00 OK
r-oldrel-windows-x86_64 0.15.1 24.00 320.00 344.00 OK

Additional issues

donttest

Check Details

Version: 0.15.1
Check: Rd files
Result: NOTE checkRd: (-1) tfd_von_mises_fisher.Rd:63: Lost braces; missing escapes or markup? 63 | NOTE: Currently only n in {2, 3, 4, 5} are supported. For n=5 some numerical | ^ Flavors: r-devel-linux-x86_64-debian-clang, r-devel-linux-x86_64-debian-gcc, r-devel-linux-x86_64-fedora-clang, r-devel-linux-x86_64-fedora-gcc, r-devel-macos-arm64, r-devel-macos-x86_64, r-devel-windows-x86_64, r-patched-linux-x86_64, r-release-linux-x86_64, r-release-macos-arm64, r-release-macos-x86_64, r-release-windows-x86_64

Version: 0.15.1
Check: Rd cross-references
Result: NOTE Found the following Rd file(s) with Rd \link{} targets missing package anchors: initializer_blockwise.Rd: initializer_constant Please provide package anchors for all Rd \link{} targets not in the package itself and the base packages. Flavors: r-devel-linux-x86_64-debian-clang, r-devel-linux-x86_64-debian-gcc, r-devel-windows-x86_64