Last updated on 2025-02-19 09:51:05 CET.
Flavor | Version | Tinstall | Tcheck | Ttotal | Status | Flags |
---|---|---|---|---|---|---|
r-devel-linux-x86_64-debian-clang | 0.8.0 | 1.46 | 17.39 | 18.85 | NOTE | |
r-devel-linux-x86_64-debian-gcc | 0.8.0 | 1.30 | 14.75 | 16.05 | NOTE | |
r-devel-linux-x86_64-fedora-clang | 0.8.0 | 31.87 | NOTE | |||
r-devel-linux-x86_64-fedora-gcc | 0.8.0 | 31.15 | NOTE | |||
r-devel-macos-arm64 | 0.8.0 | 15.00 | OK | |||
r-devel-macos-x86_64 | 0.8.0 | 23.00 | NOTE | |||
r-devel-windows-x86_64 | 0.8.0 | 3.00 | 40.00 | 43.00 | NOTE | |
r-patched-linux-x86_64 | 0.8.0 | 1.61 | 16.59 | 18.20 | OK | |
r-release-linux-x86_64 | 0.8.0 | 1.56 | 16.57 | 18.13 | OK | |
r-release-macos-arm64 | 0.8.0 | 16.00 | OK | |||
r-release-macos-x86_64 | 0.8.0 | 21.00 | OK | |||
r-release-windows-x86_64 | 0.8.0 | 3.00 | 42.00 | 45.00 | OK | |
r-oldrel-macos-arm64 | 0.8.0 | 21.00 | OK | |||
r-oldrel-macos-x86_64 | 0.8.0 | 26.00 | OK | |||
r-oldrel-windows-x86_64 | 0.8.0 | 4.00 | 44.00 | 48.00 | OK |
Version: 0.8.0
Check: DESCRIPTION meta-information
Result: NOTE
Missing dependency on R >= 4.2.0 because package code uses the pipe
placeholder syntax added in R 4.2.0.
File(s) using such syntax:
‘textra.R’
Flavors: r-devel-linux-x86_64-debian-clang, r-devel-linux-x86_64-debian-gcc, r-devel-linux-x86_64-fedora-clang, r-devel-linux-x86_64-fedora-gcc, r-devel-windows-x86_64
Version: 0.8.0
Check: DESCRIPTION meta-information
Result: NOTE
Missing dependency on R >= 4.1.0 because package code uses the pipe
|> or function shorthand \(...) syntax added in R 4.1.0.
File(s) using such syntax:
‘textra.R’
Flavor: r-devel-macos-x86_64