CRAN Package Check Results for Package textTools

Last updated on 2025-10-27 08:50:09 CET.

Flavor Version Tinstall Tcheck Ttotal Status Flags
r-devel-linux-x86_64-debian-clang 0.1.0 14.29 37.02 51.31 NOTE
r-devel-linux-x86_64-debian-gcc 0.1.0 12.53 28.92 41.45 NOTE
r-devel-linux-x86_64-fedora-clang 0.1.0 29.00 46.15 75.15 OK
r-devel-linux-x86_64-fedora-gcc 0.1.0 27.00 44.17 71.17 OK
r-devel-windows-x86_64 0.1.0 14.00 61.00 75.00 OK
r-patched-linux-x86_64 0.1.0 14.21 34.05 48.26 OK
r-release-linux-x86_64 0.1.0 14.03 34.29 48.32 OK
r-release-macos-arm64 0.1.0 10.00 27.00 37.00 OK
r-release-macos-x86_64 0.1.0 14.00 35.00 49.00 OK
r-release-windows-x86_64 0.1.0 14.00 62.00 76.00 OK
r-oldrel-macos-arm64 0.1.0 10.00 20.00 30.00 NOTE
r-oldrel-macos-x86_64 0.1.0 11.00 39.00 50.00 NOTE
r-oldrel-windows-x86_64 0.1.0 14.00 71.00 85.00 NOTE

Check Details

Version: 0.1.0
Check: CRAN incoming feasibility
Result: NOTE Maintainer: ‘Timothy Conwell <timconwell@gmail.com>’ No Authors@R field in DESCRIPTION. Please add one, modifying Authors@R: person(given = "Timothy", family = "Conwell", role = c("aut", "cre"), email = "timconwell@gmail.com") as necessary. Flavors: r-devel-linux-x86_64-debian-clang, r-devel-linux-x86_64-debian-gcc

Version: 0.1.0
Check: LazyData
Result: NOTE 'LazyData' is specified without a 'data' directory Flavors: r-oldrel-macos-arm64, r-oldrel-macos-x86_64, r-oldrel-windows-x86_64