CRAN Package Check Results for Package text2sdgData

Last updated on 2025-04-16 09:53:13 CEST.

Flavor Version Tinstall Tcheck Ttotal Status Flags
r-devel-linux-x86_64-debian-clang 0.1.1 15.94 27.39 43.33 OK
r-devel-linux-x86_64-debian-gcc 0.1.1 13.14 21.61 34.75 OK
r-devel-linux-x86_64-fedora-clang 0.1.1 73.76 OK
r-devel-linux-x86_64-fedora-gcc 0.1.1 68.54 OK
r-devel-windows-x86_64 0.1.1 17.00 43.00 60.00 OK
r-patched-linux-x86_64 0.1.1 16.62 27.51 44.13 OK
r-release-linux-x86_64 0.1.1 15.74 26.64 42.38 OK
r-release-macos-arm64 0.1.1 30.00 OK
r-release-macos-x86_64 0.1.1 56.00 OK
r-release-windows-x86_64 0.1.1 15.00 47.00 62.00 OK
r-oldrel-macos-arm64 0.1.1 29.00 NOTE
r-oldrel-macos-x86_64 0.1.1 43.00 NOTE
r-oldrel-windows-x86_64 0.1.1 16.00 43.00 59.00 NOTE

Check Details

Version: 0.1.1
Check: installed package size
Result: NOTE installed size is 6.2Mb sub-directories of 1Mb or more: data 6.2Mb Flavors: r-oldrel-macos-arm64, r-oldrel-macos-x86_64, r-oldrel-windows-x86_64