CRAN Package Check Results for Package testassay

Last updated on 2025-02-16 09:50:54 CET.

Flavor Version Tinstall Tcheck Ttotal Status Flags
r-devel-linux-x86_64-debian-clang 0.1.1 1.57 25.06 26.63 NOTE
r-devel-linux-x86_64-debian-gcc 0.1.1 1.45 19.80 21.25 NOTE
r-devel-linux-x86_64-fedora-clang 0.1.1 45.05 NOTE
r-devel-linux-x86_64-fedora-gcc 0.1.1 54.85 NOTE
r-devel-macos-arm64 0.1.1 24.00 NOTE
r-devel-macos-x86_64 0.1.1 41.00 NOTE
r-devel-windows-x86_64 0.1.1 3.00 47.00 50.00 NOTE
r-patched-linux-x86_64 0.1.1 1.95 24.13 26.08 NOTE
r-release-linux-x86_64 0.1.1 1.59 24.03 25.62 NOTE
r-release-macos-arm64 0.1.1 24.00 NOTE
r-release-macos-x86_64 0.1.1 35.00 NOTE
r-release-windows-x86_64 0.1.1 3.00 55.00 58.00 NOTE
r-oldrel-macos-arm64 0.1.1 24.00 OK
r-oldrel-macos-x86_64 0.1.1 35.00 OK
r-oldrel-windows-x86_64 0.1.1 3.00 43.00 46.00 OK

Check Details

Version: 0.1.1
Check: Rd files
Result: NOTE checkRd: (-1) lognormConstCVCI.Rd:19: Lost braces in \itemize; \value handles \item{}{} directly checkRd: (-1) lognormConstCVCI.Rd:20: Lost braces in \itemize; \value handles \item{}{} directly checkRd: (-1) lognormConstCVCI.Rd:21: Lost braces in \itemize; \value handles \item{}{} directly checkRd: (-1) normConstCVCI.Rd:21: Lost braces in \itemize; \value handles \item{}{} directly checkRd: (-1) normConstCVCI.Rd:22: Lost braces in \itemize; \value handles \item{}{} directly checkRd: (-1) normConstCVCI.Rd:23: Lost braces in \itemize; \value handles \item{}{} directly checkRd: (-1) testassay.Rd:32: Lost braces in \itemize; \value handles \item{}{} directly checkRd: (-1) testassay.Rd:33: Lost braces in \itemize; \value handles \item{}{} directly checkRd: (-1) testassay.Rd:34: Lost braces in \itemize; \value handles \item{}{} directly checkRd: (-1) testassay.Rd:35: Lost braces in \itemize; \value handles \item{}{} directly checkRd: (-1) testassay.Rd:36: Lost braces in \itemize; \value handles \item{}{} directly checkRd: (-1) testassay.Rd:37: Lost braces in \itemize; \value handles \item{}{} directly checkRd: (-1) testassay.Rd:38: Lost braces in \itemize; \value handles \item{}{} directly checkRd: (-1) testassay.Rd:39: Lost braces in \itemize; \value handles \item{}{} directly checkRd: (-1) testassay.Rd:40: Lost braces in \itemize; \value handles \item{}{} directly Flavors: r-devel-linux-x86_64-debian-clang, r-devel-linux-x86_64-debian-gcc, r-devel-linux-x86_64-fedora-clang, r-devel-linux-x86_64-fedora-gcc, r-devel-macos-arm64, r-devel-macos-x86_64, r-devel-windows-x86_64, r-patched-linux-x86_64, r-release-linux-x86_64, r-release-macos-arm64, r-release-macos-x86_64, r-release-windows-x86_64