Last updated on 2025-02-20 09:51:05 CET.
Flavor | Version | Tinstall | Tcheck | Ttotal | Status | Flags |
---|---|---|---|---|---|---|
r-devel-linux-x86_64-debian-clang | 0.9.7 | 30.76 | 547.06 | 577.82 | NOTE | |
r-devel-linux-x86_64-debian-gcc | 0.9.7 | 17.72 | 339.28 | 357.00 | NOTE | |
r-devel-linux-x86_64-fedora-clang | 0.9.7 | 981.94 | NOTE | |||
r-devel-linux-x86_64-fedora-gcc | 0.9.7 | 886.62 | NOTE | |||
r-devel-macos-arm64 | 0.9.7 | 238.00 | OK | |||
r-devel-macos-x86_64 | 0.9.7 | 472.00 | NOTE | |||
r-devel-windows-x86_64 | 0.9.7 | 31.00 | 512.00 | 543.00 | NOTE | |
r-patched-linux-x86_64 | 0.9.7 | 32.20 | 511.94 | 544.14 | OK | |
r-release-linux-x86_64 | 0.9.7 | 24.74 | 508.41 | 533.15 | OK | |
r-release-macos-arm64 | 0.9.7 | 234.00 | NOTE | |||
r-release-macos-x86_64 | 0.9.7 | 467.00 | NOTE | |||
r-release-windows-x86_64 | 0.9.7 | 32.00 | 516.00 | 548.00 | NOTE | |
r-oldrel-macos-arm64 | 0.9.6 | 209.00 | NOTE | |||
r-oldrel-macos-x86_64 | 0.9.7 | 444.00 | NOTE | |||
r-oldrel-windows-x86_64 | 0.9.7 | 43.00 | 682.00 | 725.00 | NOTE |
Version: 0.9.7
Check: DESCRIPTION meta-information
Result: NOTE
Missing dependency on R >= 4.1.0 because package code uses the pipe
|> or function shorthand \(...) syntax added in R 4.1.0.
File(s) using such syntax:
‘incidence_rate.R’
Flavors: r-devel-linux-x86_64-debian-clang, r-devel-linux-x86_64-debian-gcc, r-devel-linux-x86_64-fedora-clang, r-devel-linux-x86_64-fedora-gcc, r-devel-macos-x86_64, r-devel-windows-x86_64
Version: 0.9.7
Check: installed package size
Result: NOTE
installed size is 9.5Mb
sub-directories of 1Mb or more:
doc 5.5Mb
help 2.7Mb
Flavors: r-release-macos-arm64, r-release-macos-x86_64, r-release-windows-x86_64, r-oldrel-macos-x86_64, r-oldrel-windows-x86_64
Version: 0.9.6
Check: installed package size
Result: NOTE
installed size is 8.5Mb
sub-directories of 1Mb or more:
doc 4.5Mb
help 2.7Mb
Flavor: r-oldrel-macos-arm64