Last updated on 2025-02-16 09:50:54 CET.
Flavor | Version | Tinstall | Tcheck | Ttotal | Status | Flags |
---|---|---|---|---|---|---|
r-devel-linux-x86_64-debian-clang | 0.1.1 | 6.54 | 54.43 | 60.97 | OK | |
r-devel-linux-x86_64-debian-gcc | 0.1.1 | 4.46 | 40.64 | 45.10 | OK | |
r-devel-linux-x86_64-fedora-clang | 0.1.1 | 100.12 | NOTE | |||
r-devel-linux-x86_64-fedora-gcc | 0.1.1 | 104.38 | NOTE | |||
r-devel-macos-arm64 | 0.1.1 | 36.00 | OK | |||
r-devel-macos-x86_64 | 0.1.1 | 68.00 | OK | |||
r-devel-windows-x86_64 | 0.1.1 | 8.00 | 68.00 | 76.00 | OK | |
r-patched-linux-x86_64 | 0.1.1 | 5.68 | 50.23 | 55.91 | NOTE | |
r-release-linux-x86_64 | 0.1.1 | 5.20 | 49.89 | 55.09 | NOTE | |
r-release-macos-arm64 | 0.1.1 | 35.00 | NOTE | |||
r-release-macos-x86_64 | 0.1.1 | 54.00 | NOTE | |||
r-release-windows-x86_64 | 0.1.1 | 9.00 | 76.00 | 85.00 | NOTE | |
r-oldrel-macos-arm64 | 0.1.1 | 38.00 | NOTE | |||
r-oldrel-macos-x86_64 | 0.1.1 | 52.00 | NOTE | |||
r-oldrel-windows-x86_64 | 0.1.1 | 9.00 | 71.00 | 80.00 | NOTE |
Version: 0.1.1
Check: dependencies in R code
Result: NOTE
Namespaces in Imports field not imported from:
‘drat’ ‘plyr’
All declared Imports should be used.
Flavors: r-devel-linux-x86_64-fedora-clang, r-devel-linux-x86_64-fedora-gcc
Version: 0.1.1
Check: package dependencies
Result: NOTE
Package suggested but not available for checking: ‘tashudata’
Flavors: r-patched-linux-x86_64, r-release-linux-x86_64, r-release-macos-arm64, r-release-macos-x86_64, r-release-windows-x86_64, r-oldrel-macos-arm64, r-oldrel-macos-x86_64, r-oldrel-windows-x86_64
Version: 0.1.1
Check: LazyData
Result: NOTE
'LazyData' is specified without a 'data' directory
Flavors: r-patched-linux-x86_64, r-release-linux-x86_64, r-release-macos-arm64, r-release-macos-x86_64, r-release-windows-x86_64, r-oldrel-macos-arm64, r-oldrel-macos-x86_64, r-oldrel-windows-x86_64