CRAN Package Check Results for Package tabulator

Last updated on 2025-02-16 09:50:54 CET.

Flavor Version Tinstall Tcheck Ttotal Status Flags
r-devel-linux-x86_64-debian-clang 1.0.0 4.43 34.47 38.90 OK
r-devel-linux-x86_64-debian-gcc 1.0.0 3.00 25.16 28.16 OK
r-devel-linux-x86_64-fedora-clang 1.0.0 61.99 NOTE
r-devel-linux-x86_64-fedora-gcc 1.0.0 54.68 NOTE
r-devel-macos-arm64 1.0.0 24.00 OK
r-devel-macos-x86_64 1.0.0 39.00 OK
r-devel-windows-x86_64 1.0.0 6.00 51.00 57.00 OK
r-patched-linux-x86_64 1.0.0 3.93 31.13 35.06 NOTE
r-release-linux-x86_64 1.0.0 4.16 31.73 35.89 NOTE
r-release-macos-arm64 1.0.0 23.00 NOTE
r-release-macos-x86_64 1.0.0 32.00 NOTE
r-release-windows-x86_64 1.0.0 6.00 58.00 64.00 NOTE
r-oldrel-macos-arm64 1.0.0 24.00 NOTE
r-oldrel-macos-x86_64 1.0.0 32.00 NOTE
r-oldrel-windows-x86_64 1.0.0 7.00 80.00 87.00 NOTE

Check Details

Version: 1.0.0
Check: dependencies in R code
Result: NOTE Namespaces in Imports field not imported from: ‘stringr’ ‘tibble’ All declared Imports should be used. Flavors: r-devel-linux-x86_64-fedora-clang, r-devel-linux-x86_64-fedora-gcc

Version: 1.0.0
Check: LazyData
Result: NOTE 'LazyData' is specified without a 'data' directory Flavors: r-patched-linux-x86_64, r-release-linux-x86_64, r-release-macos-arm64, r-release-macos-x86_64, r-release-windows-x86_64, r-oldrel-macos-arm64, r-oldrel-macos-x86_64, r-oldrel-windows-x86_64