CRAN Package Check Results for Package tablaxlsx

Last updated on 2025-04-16 09:53:13 CEST.

Flavor Version Tinstall Tcheck Ttotal Status Flags
r-devel-linux-x86_64-debian-clang 1.2.5 3.06 29.68 32.74 NOTE
r-devel-linux-x86_64-debian-gcc 1.2.5 2.64 23.18 25.82 NOTE
r-devel-linux-x86_64-fedora-clang 1.2.5 53.35 OK
r-devel-linux-x86_64-fedora-gcc 1.2.5 50.37 OK
r-devel-windows-x86_64 1.2.5 4.00 55.00 59.00 NOTE
r-patched-linux-x86_64 1.2.5 3.47 29.02 32.49 NOTE
r-release-linux-x86_64 1.2.5 3.18 29.50 32.68 NOTE
r-release-macos-arm64 1.2.5 20.00 OK
r-release-macos-x86_64 1.2.5 34.00 OK
r-release-windows-x86_64 1.2.5 6.00 56.00 62.00 NOTE
r-oldrel-macos-arm64 1.2.5 18.00 OK
r-oldrel-macos-x86_64 1.2.5 28.00 OK
r-oldrel-windows-x86_64 1.2.5 5.00 65.00 70.00 OK

Check Details

Version: 1.2.5
Check: Rd cross-references
Result: NOTE Found the following Rd file(s) with Rd \link{} targets missing package anchors: bordear.Rd: createStyle escribirTabla.Rd: createStyle tablaxlsx.estilos.set.Rd: createStyle Please provide package anchors for all Rd \link{} targets not in the package itself and the base packages. Flavors: r-devel-linux-x86_64-debian-clang, r-devel-linux-x86_64-debian-gcc, r-devel-windows-x86_64, r-patched-linux-x86_64, r-release-linux-x86_64, r-release-windows-x86_64