Last updated on 2025-10-27 08:50:09 CET.
| Flavor | Version | Tinstall | Tcheck | Ttotal | Status | Flags |
|---|---|---|---|---|---|---|
| r-devel-linux-x86_64-debian-clang | 1.1 | 178.62 | 39.34 | 217.96 | OK | |
| r-devel-linux-x86_64-debian-gcc | 1.1 | 110.58 | 31.18 | 141.76 | OK | |
| r-devel-linux-x86_64-fedora-clang | 1.1 | 201.00 | 207.77 | 408.77 | OK | |
| r-devel-linux-x86_64-fedora-gcc | 1.1 | 209.00 | 172.33 | 381.33 | OK | |
| r-devel-windows-x86_64 | 1.1 | 197.00 | 82.00 | 279.00 | OK | |
| r-patched-linux-x86_64 | 1.1 | 176.05 | 37.08 | 213.13 | OK | |
| r-release-linux-x86_64 | 1.1 | 173.58 | 36.94 | 210.52 | OK | |
| r-release-macos-arm64 | 1.1 | 50.00 | 25.00 | 75.00 | OK | |
| r-release-macos-x86_64 | 1.1 | 51.00 | 53.00 | 104.00 | OK | |
| r-release-windows-x86_64 | 1.1 | 205.00 | 91.00 | 296.00 | OK | |
| r-oldrel-macos-arm64 | 1.1 | 54.00 | 33.00 | 87.00 | NOTE | |
| r-oldrel-macos-x86_64 | 1.1 | 49.00 | 55.00 | 104.00 | NOTE | |
| r-oldrel-windows-x86_64 | 1.1 | 233.00 | 105.00 | 338.00 | OK |
Version: 1.1
Check: installed package size
Result: NOTE
installed size is 17.3Mb
sub-directories of 1Mb or more:
case 1.9Mb
libs 14.7Mb
Flavors: r-oldrel-macos-arm64, r-oldrel-macos-x86_64