CRAN Package Check Results for Package syuzhet

Last updated on 2025-04-15 09:52:34 CEST.

Flavor Version Tinstall Tcheck Ttotal Status Flags
r-devel-linux-x86_64-debian-clang 1.0.7 11.22 245.74 256.96 OK
r-devel-linux-x86_64-debian-gcc 1.0.7 7.01 162.59 169.60 OK
r-devel-linux-x86_64-fedora-clang 1.0.7 408.16 OK
r-devel-linux-x86_64-fedora-gcc 1.0.7 426.11 OK
r-devel-windows-x86_64 1.0.7 13.00 269.00 282.00 OK
r-patched-linux-x86_64 1.0.7 10.58 241.19 251.77 OK
r-release-linux-x86_64 1.0.7 11.69 242.50 254.19 OK
r-release-macos-arm64 1.0.7 138.00 OK
r-release-macos-x86_64 1.0.7 325.00 OK
r-release-windows-x86_64 1.0.7 14.00 276.00 290.00 OK
r-oldrel-macos-arm64 1.0.7 131.00 NOTE
r-oldrel-macos-x86_64 1.0.7 263.00 NOTE
r-oldrel-windows-x86_64 1.0.7 16.00 338.00 354.00 NOTE

Check Details

Version: 1.0.7
Check: installed package size
Result: NOTE installed size is 6.2Mb sub-directories of 1Mb or more: R 2.3Mb extdata 3.1Mb Flavors: r-oldrel-macos-arm64, r-oldrel-macos-x86_64, r-oldrel-windows-x86_64