Last updated on 2025-10-07 09:50:02 CEST.
Flavor | Version | Tinstall | Tcheck | Ttotal | Status | Flags |
---|---|---|---|---|---|---|
r-devel-linux-x86_64-debian-clang | 1.3.1 | 53.47 | 58.34 | 111.81 | OK | |
r-devel-linux-x86_64-debian-gcc | 1.3.1 | 39.99 | 42.96 | 82.95 | OK | |
r-devel-linux-x86_64-fedora-clang | 1.3.1 | 196.67 | OK | |||
r-devel-linux-x86_64-fedora-gcc | 1.3.1 | 198.52 | OK | |||
r-devel-windows-x86_64 | 1.3.1 | 77.00 | 96.00 | 173.00 | OK | |
r-patched-linux-x86_64 | 1.3.0 | 57.21 | 54.48 | 111.69 | OK | |
r-release-linux-x86_64 | 1.3.1 | 54.35 | 55.05 | 109.40 | OK | |
r-release-macos-arm64 | 1.3.0 | 75.00 | ERROR | |||
r-release-macos-x86_64 | 1.3.1 | 138.00 | OK | |||
r-release-windows-x86_64 | 1.3.0 | 76.00 | 97.00 | 173.00 | OK | |
r-oldrel-macos-arm64 | 1.2.3 | 51.00 | NOTE | |||
r-oldrel-macos-x86_64 | 1.3.1 | 108.00 | NOTE | |||
r-oldrel-windows-x86_64 | 1.3.1 | 77.00 | 107.00 | 184.00 | OK |
Version: 1.3.0
Check: whether package can be installed
Result: ERROR
Installation failed.
Flavor: r-release-macos-arm64
Version: 1.2.3
Check: installed package size
Result: NOTE
installed size is 25.2Mb
sub-directories of 1Mb or more:
libs 24.8Mb
Flavor: r-oldrel-macos-arm64
Version: 1.3.1
Check: installed package size
Result: NOTE
installed size is 26.3Mb
sub-directories of 1Mb or more:
libs 25.3Mb
Flavor: r-oldrel-macos-x86_64