Last updated on 2025-04-15 09:52:34 CEST.
Flavor | Version | Tinstall | Tcheck | Ttotal | Status | Flags |
---|---|---|---|---|---|---|
r-devel-linux-x86_64-debian-clang | 0.2.10 | 392.62 | 57.60 | 450.22 | OK | |
r-devel-linux-x86_64-debian-gcc | 0.2.10 | 359.13 | 41.73 | 400.86 | OK | |
r-devel-linux-x86_64-fedora-clang | 0.2.10 | 1000.10 | OK | |||
r-devel-linux-x86_64-fedora-gcc | 0.2.10 | 1130.90 | OK | |||
r-devel-windows-x86_64 | 0.2.10 | 528.00 | 149.00 | 677.00 | OK | |
r-patched-linux-x86_64 | 0.2.10 | 500.12 | 55.50 | 555.62 | OK | |
r-release-linux-x86_64 | 0.2.10 | 504.81 | 56.18 | 560.99 | OK | |
r-release-macos-arm64 | 0.2.10 | 243.00 | OK | |||
r-release-macos-x86_64 | 0.2.10 | 297.00 | OK | |||
r-release-windows-x86_64 | 0.2.10 | 534.00 | 147.00 | 681.00 | OK | |
r-oldrel-macos-arm64 | 0.2.10 | 302.00 | NOTE | |||
r-oldrel-macos-x86_64 | 0.2.10 | 302.00 | NOTE | |||
r-oldrel-windows-x86_64 | 0.2.10 | 525.00 | 179.00 | 704.00 | NOTE |
Version: 0.2.10
Check: installed package size
Result: NOTE
installed size is 45.5Mb
sub-directories of 1Mb or more:
libs 44.9Mb
Flavors: r-oldrel-macos-arm64, r-oldrel-macos-x86_64, r-oldrel-windows-x86_64
Version: 0.2.10
Check: for GNU extensions in Makefiles
Result: NOTE
GNU make is a SystemRequirements.
Flavors: r-oldrel-macos-arm64, r-oldrel-macos-x86_64