Last updated on 2025-02-16 09:50:54 CET.
Flavor | Version | Tinstall | Tcheck | Ttotal | Status | Flags |
---|---|---|---|---|---|---|
r-devel-linux-x86_64-debian-clang | 0.1-3 | 1.86 | 24.65 | 26.51 | NOTE | |
r-devel-linux-x86_64-debian-gcc | 0.1-3 | 1.69 | 19.69 | 21.38 | NOTE | |
r-devel-linux-x86_64-fedora-clang | 0.1-3 | 42.01 | NOTE | |||
r-devel-linux-x86_64-fedora-gcc | 0.1-3 | 40.00 | NOTE | |||
r-devel-macos-arm64 | 0.1-3 | 19.00 | NOTE | |||
r-devel-macos-x86_64 | 0.1-3 | 28.00 | NOTE | |||
r-devel-windows-x86_64 | 0.1-3 | 3.00 | 46.00 | 49.00 | NOTE | |
r-patched-linux-x86_64 | 0.1-3 | 1.81 | 23.42 | 25.23 | NOTE | |
r-release-linux-x86_64 | 0.1-3 | 2.21 | 23.25 | 25.46 | NOTE | |
r-release-macos-arm64 | 0.1-3 | 17.00 | NOTE | |||
r-release-macos-x86_64 | 0.1-3 | 26.00 | NOTE | |||
r-release-windows-x86_64 | 0.1-3 | 3.00 | 51.00 | 54.00 | NOTE | |
r-oldrel-macos-arm64 | 0.1-3 | 19.00 | OK | |||
r-oldrel-macos-x86_64 | 0.1-3 | 24.00 | OK | |||
r-oldrel-windows-x86_64 | 0.1-3 | 3.00 | 73.00 | 76.00 | OK |
Version: 0.1-3
Check: Rd files
Result: NOTE
checkRd: (-1) hyph.support.en.Rd:19: Lost braces in \itemize; meant \describe ?
checkRd: (-1) hyph.support.en.Rd:20: Lost braces in \itemize; meant \describe ?
Flavors: r-devel-linux-x86_64-debian-clang, r-devel-linux-x86_64-debian-gcc, r-devel-linux-x86_64-fedora-clang, r-devel-linux-x86_64-fedora-gcc, r-devel-macos-arm64, r-devel-macos-x86_64, r-devel-windows-x86_64, r-patched-linux-x86_64, r-release-linux-x86_64, r-release-macos-arm64, r-release-macos-x86_64, r-release-windows-x86_64