Last updated on 2025-02-16 09:50:54 CET.
Flavor | Version | Tinstall | Tcheck | Ttotal | Status | Flags |
---|---|---|---|---|---|---|
r-devel-linux-x86_64-debian-clang | 0.1.0 | 1.89 | 18.85 | 20.74 | OK | |
r-devel-linux-x86_64-debian-gcc | 0.1.0 | 1.48 | 15.25 | 16.73 | OK | |
r-devel-linux-x86_64-fedora-clang | 0.1.0 | 33.62 | OK | |||
r-devel-linux-x86_64-fedora-gcc | 0.1.0 | 31.46 | OK | |||
r-devel-macos-arm64 | 0.1.0 | 15.00 | OK | |||
r-devel-macos-x86_64 | 0.1.0 | 24.00 | OK | |||
r-devel-windows-x86_64 | 0.1.0 | 2.00 | 47.00 | 49.00 | OK | |
r-patched-linux-x86_64 | 0.1.0 | 1.85 | 17.89 | 19.74 | NOTE | |
r-release-linux-x86_64 | 0.1.0 | 1.88 | 17.76 | 19.64 | NOTE | |
r-release-macos-arm64 | 0.1.0 | 16.00 | NOTE | |||
r-release-macos-x86_64 | 0.1.0 | 22.00 | NOTE | |||
r-release-windows-x86_64 | 0.1.0 | 2.00 | 42.00 | 44.00 | NOTE | |
r-oldrel-macos-arm64 | 0.1.0 | 16.00 | NOTE | |||
r-oldrel-macos-x86_64 | 0.1.0 | 21.00 | NOTE | |||
r-oldrel-windows-x86_64 | 0.1.0 | 5.00 | 40.00 | 45.00 | NOTE |
Version: 0.1.0
Check: LazyData
Result: NOTE
'LazyData' is specified without a 'data' directory
Flavors: r-patched-linux-x86_64, r-release-linux-x86_64, r-release-macos-arm64, r-release-macos-x86_64, r-release-windows-x86_64, r-oldrel-macos-arm64, r-oldrel-macos-x86_64, r-oldrel-windows-x86_64