Last updated on 2025-10-27 08:50:08 CET.
| Flavor | Version | Tinstall | Tcheck | Ttotal | Status | Flags | 
|---|---|---|---|---|---|---|
| r-devel-linux-x86_64-debian-clang | 0.9-54 | 5.32 | 43.60 | 48.92 | NOTE | |
| r-devel-linux-x86_64-debian-gcc | 0.9-54 | 4.65 | 40.91 | 45.56 | NOTE | |
| r-devel-linux-x86_64-fedora-clang | 0.9-54 | 11.00 | 63.06 | 74.06 | OK | |
| r-devel-linux-x86_64-fedora-gcc | 0.9-54 | 11.00 | 59.53 | 70.53 | OK | |
| r-devel-windows-x86_64 | 0.9-54 | 6.00 | 52.00 | 58.00 | OK | |
| r-patched-linux-x86_64 | 0.9-54 | 4.71 | 36.60 | 41.31 | OK | |
| r-release-linux-x86_64 | 0.9-54 | 4.44 | 36.77 | 41.21 | OK | |
| r-release-macos-arm64 | 0.9-54 | 6.00 | 31.00 | 37.00 | OK | |
| r-release-macos-x86_64 | 0.9-54 | 4.00 | 40.00 | 44.00 | OK | |
| r-release-windows-x86_64 | 0.9-54 | 5.00 | 53.00 | 58.00 | OK | |
| r-oldrel-macos-arm64 | 0.9-54 | 3.00 | 26.00 | 29.00 | OK | |
| r-oldrel-macos-x86_64 | 0.9-54 | 5.00 | 32.00 | 37.00 | OK | |
| r-oldrel-windows-x86_64 | 0.9-54 | 5.00 | 62.00 | 67.00 | OK | 
Version: 0.9-54
Check: CRAN incoming feasibility
Result: NOTE
  Maintainer: ‘Philippe Grosjean <phgrosjean@sciviews.org>’
  
  Package CITATION file contains call(s) to old-style personList() or
  as.personList().  Please use c() on person objects instead.
  Package CITATION file contains call(s) to old-style citEntry().  Please
  use bibentry() instead.
  
  Found the following \keyword or \concept entries
  which likely give several index terms:
    File ‘createSyntaxFile.Rd’:
      \concept{ Syntax highlighting, code coloring }
    File ‘guiDDEInstall.Rd’:
      \concept{ Interprocess DDE communication, call tip [TRUNCATED]
    File ‘svIDE-package.Rd’:
      \concept{ GUI API IDE and code editor, language sy [TRUNCATED]
Flavors: r-devel-linux-x86_64-debian-clang, r-devel-linux-x86_64-debian-gcc