Last updated on 2025-02-19 09:51:05 CET.
Flavor | Version | Tinstall | Tcheck | Ttotal | Status | Flags |
---|---|---|---|---|---|---|
r-devel-linux-x86_64-debian-clang | 1.0.4 | 2.83 | 29.63 | 32.46 | OK | |
r-devel-linux-x86_64-debian-gcc | 1.0.4 | 2.20 | 23.27 | 25.47 | OK | |
r-devel-linux-x86_64-fedora-clang | 1.0.4 | 55.80 | OK | |||
r-devel-linux-x86_64-fedora-gcc | 1.0.4 | 63.50 | OK | |||
r-devel-macos-arm64 | 1.0.4 | 25.00 | OK | |||
r-devel-macos-x86_64 | 1.0.4 | 44.00 | OK | |||
r-devel-windows-x86_64 | 1.0.4 | 3.00 | 50.00 | 53.00 | OK | |
r-patched-linux-x86_64 | 1.0.4 | 2.95 | 28.18 | 31.13 | OK | |
r-release-linux-x86_64 | 1.0.4 | 2.92 | 28.20 | 31.12 | OK | |
r-release-macos-arm64 | 1.0.4 | 24.00 | OK | |||
r-release-macos-x86_64 | 1.0.4 | 36.00 | OK | |||
r-release-windows-x86_64 | 1.0.4 | 4.00 | 59.00 | 63.00 | OK | |
r-oldrel-macos-arm64 | 1.0.4 | 24.00 | OK | |||
r-oldrel-macos-x86_64 | 1.0.4 | 34.00 | OK | |||
r-oldrel-windows-x86_64 | 1.0.4 | 5.00 | 52.00 | 57.00 | ERROR |
Version: 1.0.4
Check: re-building of vignette outputs
Result: ERROR
Error(s) in re-building vignettes:
--- re-building 'svHttp.Rmd' using rmarkdown
--- finished re-building 'svHttp.Rmd'
Flavor: r-oldrel-windows-x86_64