Last updated on 2025-02-16 09:50:54 CET.
Flavor | Version | Tinstall | Tcheck | Ttotal | Status | Flags |
---|---|---|---|---|---|---|
r-devel-linux-x86_64-debian-clang | 0.0.7.1 | 162.59 | 209.31 | 371.90 | OK | |
r-devel-linux-x86_64-debian-gcc | 0.0.7.1 | 160.47 | 163.04 | 323.51 | OK | |
r-devel-linux-x86_64-fedora-clang | 0.0.7.1 | 541.25 | NOTE | |||
r-devel-linux-x86_64-fedora-gcc | 0.0.7.1 | 717.24 | NOTE | |||
r-devel-macos-arm64 | 0.0.7.1 | 146.00 | OK | |||
r-devel-macos-x86_64 | 0.0.7.1 | 307.00 | OK | |||
r-devel-windows-x86_64 | 0.0.7.1 | 155.00 | 233.00 | 388.00 | OK | |
r-patched-linux-x86_64 | 0.0.7.1 | 190.43 | 212.72 | 403.15 | NOTE | |
r-release-linux-x86_64 | 0.0.7.1 | 190.18 | 214.68 | 404.86 | NOTE | |
r-release-macos-arm64 | 0.0.7.1 | 89.00 | NOTE | |||
r-release-macos-x86_64 | 0.0.7.1 | 159.00 | NOTE | |||
r-release-windows-x86_64 | 0.0.7.1 | 158.00 | 240.00 | 398.00 | NOTE | |
r-oldrel-macos-arm64 | 0.0.7.1 | 173.00 | NOTE | |||
r-oldrel-macos-x86_64 | 0.0.7.1 | 364.00 | NOTE | |||
r-oldrel-windows-x86_64 | 0.0.7.1 | 230.00 | 273.00 | 503.00 | NOTE |
Version: 0.0.7.1
Check: dependencies in R code
Result: NOTE
Namespaces in Imports field not imported from:
‘RcppParallel’ ‘rstantools’
All declared Imports should be used.
Flavors: r-devel-linux-x86_64-fedora-clang, r-devel-linux-x86_64-fedora-gcc
Version: 0.0.7.1
Check: for GNU extensions in Makefiles
Result: NOTE
GNU make is a SystemRequirements.
Flavors: r-patched-linux-x86_64, r-release-linux-x86_64, r-release-macos-arm64, r-release-macos-x86_64, r-release-windows-x86_64, r-oldrel-macos-arm64, r-oldrel-macos-x86_64, r-oldrel-windows-x86_64
Version: 0.0.7.1
Check: installed package size
Result: NOTE
installed size is 63.6Mb
sub-directories of 1Mb or more:
libs 63.1Mb
Flavors: r-release-macos-arm64, r-release-macos-x86_64, r-oldrel-macos-arm64, r-oldrel-macos-x86_64