Last updated on 2025-02-16 09:50:54 CET.
Flavor | Version | Tinstall | Tcheck | Ttotal | Status | Flags |
---|---|---|---|---|---|---|
r-devel-linux-x86_64-debian-clang | 3.1.1 | 11.73 | 159.09 | 170.82 | NOTE | |
r-devel-linux-x86_64-debian-gcc | 3.1.1 | 7.07 | 116.57 | 123.64 | NOTE | |
r-devel-linux-x86_64-fedora-clang | 3.1.1 | 274.57 | NOTE | |||
r-devel-linux-x86_64-fedora-gcc | 3.1.1 | 282.12 | NOTE | |||
r-devel-macos-arm64 | 3.1.1 | 102.00 | OK | |||
r-devel-macos-x86_64 | 3.1.1 | 200.00 | NOTE | |||
r-devel-windows-x86_64 | 3.1.1 | 12.00 | 182.00 | 194.00 | NOTE | |
r-patched-linux-x86_64 | 3.1.1 | 9.17 | 149.64 | 158.81 | OK | |
r-release-linux-x86_64 | 3.1.1 | 9.38 | 150.03 | 159.41 | OK | |
r-release-macos-arm64 | 3.1.1 | 102.00 | OK | |||
r-release-macos-x86_64 | 3.1.1 | 266.00 | OK | |||
r-release-windows-x86_64 | 3.1.1 | 12.00 | 183.00 | 195.00 | OK | |
r-oldrel-macos-arm64 | 3.1.1 | 116.00 | OK | |||
r-oldrel-macos-x86_64 | 3.1.1 | 225.00 | OK | |||
r-oldrel-windows-x86_64 | 3.1.1 | 14.00 | 196.00 | 210.00 | OK |
Version: 3.1.1
Check: DESCRIPTION meta-information
Result: NOTE
Missing dependency on R >= 4.1.0 because package code uses the pipe
|> or function shorthand \(...) syntax added in R 4.1.0.
File(s) using such syntax:
‘survival_class.R’
Flavors: r-devel-linux-x86_64-debian-clang, r-devel-linux-x86_64-debian-gcc, r-devel-linux-x86_64-fedora-clang, r-devel-linux-x86_64-fedora-gcc, r-devel-macos-x86_64, r-devel-windows-x86_64