Last updated on 2025-02-16 09:50:54 CET.
Flavor | Version | Tinstall | Tcheck | Ttotal | Status | Flags |
---|---|---|---|---|---|---|
r-devel-linux-x86_64-debian-clang | 0.0.5 | 7.95 | 71.51 | 79.46 | NOTE | |
r-devel-linux-x86_64-debian-gcc | 0.0.5 | 6.21 | 54.19 | 60.40 | NOTE | |
r-devel-linux-x86_64-fedora-clang | 0.0.5 | 128.55 | NOTE | |||
r-devel-linux-x86_64-fedora-gcc | 0.0.5 | 120.37 | NOTE | |||
r-devel-macos-arm64 | 0.0.5 | 42.00 | OK | |||
r-devel-macos-x86_64 | 0.0.5 | 71.00 | OK | |||
r-devel-windows-x86_64 | 0.0.5 | 10.00 | 99.00 | 109.00 | NOTE | |
r-patched-linux-x86_64 | 0.0.5 | 16.31 | 66.51 | 82.82 | OK | |
r-release-linux-x86_64 | 0.0.5 | 7.51 | 66.85 | 74.36 | OK | |
r-release-macos-arm64 | 0.0.5 | 40.00 | OK | |||
r-release-macos-x86_64 | 0.0.5 | 53.00 | OK | |||
r-release-windows-x86_64 | 0.0.5 | 9.00 | 98.00 | 107.00 | OK | |
r-oldrel-macos-arm64 | 0.0.5 | 43.00 | OK | |||
r-oldrel-macos-x86_64 | 0.0.5 | 65.00 | OK | |||
r-oldrel-windows-x86_64 | 0.0.5 | 13.00 | 110.00 | 123.00 | OK |
Version: 0.0.5
Check: Rd cross-references
Result: NOTE
Found the following Rd file(s) with Rd \link{} targets missing package
anchors:
hybridFit.Rd: quadprog, ipop, nearPD
regFit.Rd: quadprog, ipop, nearPD
survivalsvm.Rd: quadprog, ipop, nearPD, Surv
vanbelle1Fit.Rd: quadprog, ipop, nearPD
vanbelle2Fit.Rd: quadprog, ipop, nearPD
Please provide package anchors for all Rd \link{} targets not in the
package itself and the base packages.
Flavors: r-devel-linux-x86_64-debian-clang, r-devel-linux-x86_64-debian-gcc, r-devel-windows-x86_64
Version: 0.0.5
Check: dependencies in R code
Result: NOTE
Namespace in Imports field not imported from: ‘quadprog’
All declared Imports should be used.
Flavors: r-devel-linux-x86_64-fedora-clang, r-devel-linux-x86_64-fedora-gcc