CRAN Package Check Results for Package survRM2perm

Last updated on 2025-02-19 09:51:05 CET.

Flavor Version Tinstall Tcheck Ttotal Status Flags
r-devel-linux-x86_64-debian-clang 0.1.0 6.81 55.29 62.10 OK
r-devel-linux-x86_64-debian-gcc 0.1.0 5.14 42.58 47.72 OK
r-devel-linux-x86_64-fedora-clang 0.1.0 100.52 OK
r-devel-linux-x86_64-fedora-gcc 0.1.0 91.16 OK
r-devel-macos-arm64 0.1.0 32.00 OK
r-devel-macos-x86_64 0.1.0 53.00 OK
r-devel-windows-x86_64 0.1.0 7.00 73.00 80.00 OK
r-patched-linux-x86_64 0.1.0 6.32 51.54 57.86 NOTE
r-release-linux-x86_64 0.1.0 6.33 52.83 59.16 NOTE
r-release-macos-arm64 0.1.0 31.00 NOTE
r-release-macos-x86_64 0.1.0 44.00 NOTE
r-release-windows-x86_64 0.1.0 8.00 65.00 73.00 NOTE
r-oldrel-macos-arm64 0.1.0 33.00 NOTE
r-oldrel-macos-x86_64 0.1.0 50.00 NOTE
r-oldrel-windows-x86_64 0.1.0 9.00 75.00 84.00 NOTE

Check Details

Version: 0.1.0
Check: LazyData
Result: NOTE 'LazyData' is specified without a 'data' directory Flavors: r-patched-linux-x86_64, r-release-linux-x86_64, r-release-macos-arm64, r-release-macos-x86_64, r-release-windows-x86_64, r-oldrel-macos-arm64, r-oldrel-macos-x86_64, r-oldrel-windows-x86_64