CRAN Package Check Results for Package sureLDA

Last updated on 2025-04-15 09:52:34 CEST.

Flavor Version Tinstall Tcheck Ttotal Status Flags
r-devel-linux-x86_64-debian-clang 0.1.0-1 24.41 230.35 254.76 OK
r-devel-linux-x86_64-debian-gcc 0.1.0-1 16.91 144.96 161.87 OK
r-devel-linux-x86_64-fedora-clang 0.1.0-1 466.55 NOTE
r-devel-linux-x86_64-fedora-gcc 0.1.0-1 443.98 NOTE
r-devel-windows-x86_64 0.1.0-1 28.00 347.00 375.00 OK
r-patched-linux-x86_64 0.1.0-1 23.56 218.64 242.20 OK
r-release-linux-x86_64 0.1.0-1 22.95 214.59 237.54 OK
r-release-macos-arm64 0.1.0-1 152.00 OK
r-release-macos-x86_64 0.1.0-1 265.00 OK
r-release-windows-x86_64 0.1.0-1 30.00 309.00 339.00 OK
r-oldrel-macos-arm64 0.1.0-1 106.00 OK
r-oldrel-macos-x86_64 0.1.0-1 201.00 OK
r-oldrel-windows-x86_64 0.1.0-1 35.00 405.00 440.00 OK

Check Details

Version: 0.1.0-1
Check: dependencies in R code
Result: NOTE Namespaces in Imports field not imported from: ‘doParallel’ ‘pROC’ All declared Imports should be used. Flavors: r-devel-linux-x86_64-fedora-clang, r-devel-linux-x86_64-fedora-gcc