Last updated on 2025-02-16 09:50:54 CET.
Flavor | Version | Tinstall | Tcheck | Ttotal | Status | Flags |
---|---|---|---|---|---|---|
r-devel-linux-x86_64-debian-clang | 1.2 | 14.29 | 100.77 | 115.06 | NOTE | |
r-devel-linux-x86_64-debian-gcc | 1.2 | 10.15 | 74.23 | 84.38 | NOTE | |
r-devel-linux-x86_64-fedora-clang | 1.2 | 181.12 | NOTE | |||
r-devel-linux-x86_64-fedora-gcc | 1.2 | 168.03 | NOTE | |||
r-devel-macos-arm64 | 1.2 | 53.00 | NOTE | |||
r-devel-macos-x86_64 | 1.2 | 107.00 | NOTE | |||
r-devel-windows-x86_64 | 1.2 | 14.00 | 108.00 | 122.00 | NOTE | |
r-patched-linux-x86_64 | 1.2 | 12.22 | 90.57 | 102.79 | NOTE | |
r-release-linux-x86_64 | 1.2 | 11.57 | 90.86 | 102.43 | NOTE | |
r-release-macos-arm64 | 1.2 | 50.00 | NOTE | |||
r-release-macos-x86_64 | 1.2 | 87.00 | NOTE | |||
r-release-windows-x86_64 | 1.2 | 14.00 | 103.00 | 117.00 | NOTE | |
r-oldrel-macos-arm64 | 1.2 | 53.00 | OK | |||
r-oldrel-macos-x86_64 | 1.2 | 50.00 | OK | |||
r-oldrel-windows-x86_64 | 1.2 | 22.00 | 145.00 | 167.00 | OK |
Version: 1.2
Check: Rd files
Result: NOTE
checkRd: (-1) BiclustSet-class.Rd:19: Lost braces
19 | \item{\code{Number}:}{code{"numeric"}, number of biclusters in the set}
| ^
Flavors: r-devel-linux-x86_64-debian-clang, r-devel-linux-x86_64-debian-gcc, r-devel-linux-x86_64-fedora-clang, r-devel-linux-x86_64-fedora-gcc, r-devel-macos-arm64, r-devel-macos-x86_64, r-devel-windows-x86_64, r-patched-linux-x86_64, r-release-linux-x86_64, r-release-macos-arm64, r-release-macos-x86_64, r-release-windows-x86_64