CRAN Package Check Results for Package suggests

Last updated on 2025-04-15 09:52:34 CEST.

Flavor Version Tinstall Tcheck Ttotal Status Flags
r-devel-linux-x86_64-debian-clang 0.1.0 1.71 18.46 20.17 NOTE
r-devel-linux-x86_64-debian-gcc 0.1.0 1.43 14.80 16.23 NOTE
r-devel-linux-x86_64-fedora-clang 0.1.0 32.49 NOTE
r-devel-linux-x86_64-fedora-gcc 0.1.0 31.29 NOTE
r-devel-windows-x86_64 0.1.0 3.00 40.00 43.00 NOTE
r-patched-linux-x86_64 0.1.0 1.60 18.15 19.75 NOTE
r-release-linux-x86_64 0.1.0 1.68 18.25 19.93 NOTE
r-release-macos-arm64 0.1.0 16.00 NOTE
r-release-macos-x86_64 0.1.0 24.00 NOTE
r-release-windows-x86_64 0.1.0 3.00 41.00 44.00 NOTE
r-oldrel-macos-arm64 0.1.0 14.00 NOTE
r-oldrel-macos-x86_64 0.1.0 20.00 NOTE
r-oldrel-windows-x86_64 0.1.0 3.00 43.00 46.00 NOTE

Check Details

Version: 0.1.0
Check: Rd files
Result: NOTE checkRd: (-1) suggests.Rd:14: Lost braces; missing escapes or markup? 14 | {suggests} aims to make that workflow as minimal and painless as possible, | ^ Flavors: r-devel-linux-x86_64-debian-clang, r-devel-linux-x86_64-debian-gcc, r-devel-linux-x86_64-fedora-clang, r-devel-linux-x86_64-fedora-gcc, r-devel-windows-x86_64, r-patched-linux-x86_64, r-release-linux-x86_64, r-release-macos-arm64, r-release-macos-x86_64, r-release-windows-x86_64, r-oldrel-macos-arm64, r-oldrel-macos-x86_64, r-oldrel-windows-x86_64