Last updated on 2025-02-16 09:50:54 CET.
Flavor | Version | Tinstall | Tcheck | Ttotal | Status | Flags |
---|---|---|---|---|---|---|
r-devel-linux-x86_64-debian-clang | 1.1.2 | 30.63 | 78.02 | 108.65 | NOTE | |
r-devel-linux-x86_64-debian-gcc | 1.1.2 | 23.91 | 56.67 | 80.58 | NOTE | |
r-devel-linux-x86_64-fedora-clang | 1.1.2 | 193.71 | NOTE | |||
r-devel-linux-x86_64-fedora-gcc | 1.1.2 | 202.78 | NOTE | |||
r-devel-macos-arm64 | 1.1.2 | 62.00 | NOTE | |||
r-devel-macos-x86_64 | 1.1.2 | 112.00 | NOTE | |||
r-devel-windows-x86_64 | 1.1.2 | 34.00 | 118.00 | 152.00 | NOTE | |
r-patched-linux-x86_64 | 1.1.2 | 35.04 | 75.39 | 110.43 | OK | |
r-release-linux-x86_64 | 1.1.2 | 33.95 | 72.84 | 106.79 | OK | |
r-release-macos-arm64 | 1.1.2 | 66.00 | NOTE | |||
r-release-macos-x86_64 | 1.1.2 | 92.00 | NOTE | |||
r-release-windows-x86_64 | 1.1.2 | 35.00 | 124.00 | 159.00 | NOTE | |
r-oldrel-macos-arm64 | 1.1.2 | 82.00 | NOTE | |||
r-oldrel-macos-x86_64 | 1.1.2 | 175.00 | NOTE | |||
r-oldrel-windows-x86_64 | 1.1.2 | 39.00 | 146.00 | 185.00 | NOTE |
Version: 1.1.2
Check: compiled code
Result: NOTE
File ‘stringmagic/libs/stringmagic.so’:
Found non-API call to R: ‘STRING_PTR’
Compiled code should not call non-API entry points in R.
See ‘Writing portable packages’ in the ‘Writing R Extensions’ manual,
and section ‘Moving into C API compliance’ for issues with the use of
non-API entry points.
Flavors: r-devel-linux-x86_64-debian-clang, r-devel-linux-x86_64-debian-gcc, r-devel-linux-x86_64-fedora-clang, r-devel-linux-x86_64-fedora-gcc, r-devel-macos-arm64, r-devel-macos-x86_64
Version: 1.1.2
Check: compiled code
Result: NOTE
File 'stringmagic/libs/x64/stringmagic.dll':
Found non-API call to R: 'STRING_PTR'
Compiled code should not call non-API entry points in R.
See 'Writing portable packages' in the 'Writing R Extensions' manual,
and section 'Moving into C API compliance' for issues with the use of
non-API entry points.
Flavor: r-devel-windows-x86_64
Version: 1.1.2
Check: installed package size
Result: NOTE
installed size is 9.8Mb
sub-directories of 1Mb or more:
doc 7.1Mb
libs 1.8Mb
Flavors: r-release-macos-arm64, r-release-macos-x86_64, r-release-windows-x86_64, r-oldrel-macos-arm64, r-oldrel-macos-x86_64, r-oldrel-windows-x86_64