Last updated on 2025-05-12 09:51:36 CEST.
Flavor | Version | Tinstall | Tcheck | Ttotal | Status | Flags |
---|---|---|---|---|---|---|
r-devel-linux-x86_64-debian-clang | 1.8.7 | 123.27 | 65.15 | 188.42 | OK | |
r-devel-linux-x86_64-debian-gcc | 1.8.7 | 83.37 | 46.43 | 129.80 | OK | |
r-devel-linux-x86_64-fedora-clang | 1.8.7 | 490.29 | OK | |||
r-devel-linux-x86_64-fedora-gcc | 1.8.7 | 393.29 | OK | |||
r-devel-windows-x86_64 | 1.8.7 | 880.00 | 163.00 | 1043.00 | OK | |
r-patched-linux-x86_64 | 1.8.7 | 114.41 | 62.48 | 176.89 | OK | |
r-release-linux-x86_64 | 1.8.7 | 117.48 | 62.06 | 179.54 | OK | |
r-release-macos-arm64 | 1.8.7 | 95.00 | OK | |||
r-release-macos-x86_64 | 1.8.7 | 130.00 | OK | |||
r-release-windows-x86_64 | 1.8.7 | 898.00 | 172.00 | 1070.00 | OK | |
r-oldrel-macos-arm64 | 1.8.7 | 107.00 | NOTE | |||
r-oldrel-macos-x86_64 | 1.8.7 | 160.00 | NOTE | |||
r-oldrel-windows-x86_64 | 1.8.7 | 607.00 | 169.00 | 776.00 | NOTE |
Version: 1.8.7
Check: installed package size
Result: NOTE
installed size is 34.7Mb
sub-directories of 1Mb or more:
libs 33.9Mb
Flavors: r-oldrel-macos-arm64, r-oldrel-macos-x86_64, r-oldrel-windows-x86_64